CRAN Package Check Results for Package dsample

Last updated on 2025-04-15 09:52:19 CEST.

Flavor Version Tinstall Tcheck Ttotal Status Flags
r-devel-linux-x86_64-debian-clang 0.91.3.4 1.26 29.56 30.82 OK
r-devel-linux-x86_64-debian-gcc 0.91.3.4 1.36 24.04 25.40 OK
r-devel-linux-x86_64-fedora-clang 0.91.3.4 52.08 NOTE
r-devel-linux-x86_64-fedora-gcc 0.91.3.4 63.71 NOTE
r-devel-windows-x86_64 0.91.3.4 2.00 55.00 57.00 OK
r-patched-linux-x86_64 0.91.3.4 1.58 29.89 31.47 OK
r-release-linux-x86_64 0.91.3.4 1.58 30.19 31.77 OK
r-release-macos-arm64 0.91.3.4 51.00 OK
r-release-macos-x86_64 0.91.3.4 46.00 OK
r-release-windows-x86_64 0.91.3.4 2.00 63.00 65.00 OK
r-oldrel-macos-arm64 0.91.3.4 26.00 OK
r-oldrel-macos-x86_64 0.91.3.4 39.00 OK
r-oldrel-windows-x86_64 0.91.3.4 4.00 60.00 64.00 OK

Check Details

Version: 0.91.3.4
Check: dependencies in R code
Result: NOTE Namespace in Imports field not imported from: ‘mnormt’ All declared Imports should be used. Flavors: r-devel-linux-x86_64-fedora-clang, r-devel-linux-x86_64-fedora-gcc