Last updated on 2025-04-16 09:52:57 CEST.
Flavor | Version | Tinstall | Tcheck | Ttotal | Status | Flags |
---|---|---|---|---|---|---|
r-devel-linux-x86_64-debian-clang | 0.1 | 163.49 | 76.36 | 239.85 | OK | |
r-devel-linux-x86_64-debian-gcc | 0.1 | 98.75 | 54.78 | 153.53 | OK | |
r-devel-linux-x86_64-fedora-clang | 0.1 | 435.79 | OK | |||
r-devel-linux-x86_64-fedora-gcc | 0.1 | 420.91 | OK | |||
r-devel-windows-x86_64 | 0.1 | 148.00 | 110.00 | 258.00 | OK | |
r-patched-linux-x86_64 | 0.1 | 141.98 | 72.01 | 213.99 | OK | |
r-release-linux-x86_64 | 0.1 | 147.24 | 72.10 | 219.34 | OK | |
r-release-macos-arm64 | 0.1 | 85.00 | OK | |||
r-release-macos-x86_64 | 0.1 | 112.00 | OK | |||
r-release-windows-x86_64 | 0.1 | 147.00 | 110.00 | 257.00 | OK | |
r-oldrel-macos-arm64 | 0.1 | 76.00 | NOTE | |||
r-oldrel-macos-x86_64 | 0.1 | 103.00 | NOTE | |||
r-oldrel-windows-x86_64 | 0.1 | 140.00 | 137.00 | 277.00 | OK |
Version: 0.1
Check: installed package size
Result: NOTE
installed size is 9.4Mb
sub-directories of 1Mb or more:
libs 9.2Mb
Flavors: r-oldrel-macos-arm64, r-oldrel-macos-x86_64