Last updated on 2025-02-19 09:50:47 CET.
Flavor | Version | Tinstall | Tcheck | Ttotal | Status | Flags |
---|---|---|---|---|---|---|
r-devel-linux-x86_64-debian-clang | 3.0.2 | 2.67 | 32.67 | 35.34 | NOTE | |
r-devel-linux-x86_64-debian-gcc | 3.0.2 | 2.53 | 26.69 | 29.22 | NOTE | |
r-devel-linux-x86_64-fedora-clang | 3.0.2 | 57.04 | NOTE | |||
r-devel-linux-x86_64-fedora-gcc | 3.0.2 | 68.57 | NOTE | |||
r-devel-macos-arm64 | 3.0.2 | 32.00 | NOTE | |||
r-devel-macos-x86_64 | 3.0.2 | 60.00 | NOTE | |||
r-devel-windows-x86_64 | 3.0.2 | 7.00 | 99.00 | 106.00 | NOTE | |
r-patched-linux-x86_64 | 3.0.2 | 5.08 | 31.25 | 36.33 | NOTE | |
r-release-linux-x86_64 | 3.0.2 | 2.72 | 31.12 | 33.84 | NOTE | |
r-release-macos-arm64 | 3.0.2 | 31.00 | NOTE | |||
r-release-macos-x86_64 | 3.0.2 | 51.00 | NOTE | |||
r-release-windows-x86_64 | 3.0.2 | 8.00 | 108.00 | 116.00 | WARN | |
r-oldrel-macos-arm64 | 3.0.2 | 36.00 | OK | |||
r-oldrel-macos-x86_64 | 3.0.2 | 114.00 | OK | |||
r-oldrel-windows-x86_64 | 3.0.2 | 8.00 | 91.00 | 99.00 | OK |
Version: 3.0.2
Check: Rd files
Result: NOTE
checkRd: (-1) redisWorker.Rd:56: Lost braces; missing escapes or markup?
56 | You can increase it by including a {timeout=n} argument value.
| ^
checkRd: (-1) startLocalWorkers.Rd:54: Lost braces; missing escapes or markup?
54 | You can increase it by including a {timeout=n} argument value.
| ^
Flavors: r-devel-linux-x86_64-debian-clang, r-devel-linux-x86_64-debian-gcc, r-devel-linux-x86_64-fedora-clang, r-devel-linux-x86_64-fedora-gcc, r-devel-macos-arm64, r-devel-macos-x86_64, r-devel-windows-x86_64, r-patched-linux-x86_64, r-release-linux-x86_64, r-release-macos-arm64, r-release-macos-x86_64
Version: 3.0.2
Check: Rd cross-references
Result: NOTE
Found the following Rd file(s) with Rd \link{} targets missing package
anchors:
redisDelete.Rd: hiredis
redisGet.Rd: hiredis
redisSet.Rd: hiredis
registerDoRedis.Rd: foreach
Please provide package anchors for all Rd \link{} targets not in the
package itself and the base packages.
Flavors: r-devel-linux-x86_64-debian-clang, r-devel-linux-x86_64-debian-gcc, r-devel-windows-x86_64
Version: 3.0.2
Check: index information
Result: WARN
Warning in read.table(file = file, header = header, sep = sep, quote = quote, :
cols = 6 != length(data) = 7
See sections 'The INDEX file' and 'Package subdirectories' in the
'Writing R Extensions' manual.
Flavor: r-release-windows-x86_64
Version: 3.0.2
Check: S3 generic/method consistency
Result: WARN
During startup - Warning message:
In read.table(file = file, header = header, sep = sep, quote = quote, :
cols = 6 != length(data) = 7
See section 'Generic functions and methods' in the 'Writing R
Extensions' manual.
Flavor: r-release-windows-x86_64
Version: 3.0.2
Check: replacement functions
Result: WARN
During startup - Warning message:
In read.table(file = file, header = header, sep = sep, quote = quote, :
cols = 6 != length(data) = 7
The argument of a replacement function which corresponds to the right
hand side must be named 'value'.
Flavor: r-release-windows-x86_64
Version: 3.0.2
Check: foreign function calls
Result: NOTE
During startup - Warning message:
In read.table(file = file, header = header, sep = sep, quote = quote, :
cols = 6 != length(data) = 7
See chapter 'System and foreign language interfaces' in the 'Writing R
Extensions' manual.
Flavor: r-release-windows-x86_64
Version: 3.0.2
Check: R code for possible problems
Result: NOTE
During startup - Warning message:
In read.table(file = file, header = header, sep = sep, quote = quote, :
cols = 6 != length(data) = 7
During startup - Warning message:
In read.table(file = file, header = header, sep = sep, quote = quote, :
cols = 6 != length(data) = 7
Warning in read.table(file = file, header = header, sep = sep, quote = quote, :
cols = 6 != length(data) = 7
Flavor: r-release-windows-x86_64
Version: 3.0.2
Check: Rd files
Result: WARN
During startup - Warning message:
In read.table(file = file, header = header, sep = sep, quote = quote, :
cols = 6 != length(data) = 7
checkRd: (-1) redisWorker.Rd:56: Lost braces; missing escapes or markup?
56 | You can increase it by including a {timeout=n} argument value.
| ^
checkRd: (-1) startLocalWorkers.Rd:54: Lost braces; missing escapes or markup?
54 | You can increase it by including a {timeout=n} argument value.
| ^
Flavor: r-release-windows-x86_64
Version: 3.0.2
Check: Rd cross-references
Result: WARN
Warning in read.table(file = file, header = header, sep = sep, quote = quote, :
cols = 6 != length(data) = 7
Flavor: r-release-windows-x86_64
Version: 3.0.2
Check: for missing documentation entries
Result: WARN
During startup - Warning message:
In read.table(file = file, header = header, sep = sep, quote = quote, :
cols = 6 != length(data) = 7
All user-level objects in a package should have documentation entries.
See chapter 'Writing R documentation files' in the 'Writing R
Extensions' manual.
Flavor: r-release-windows-x86_64
Version: 3.0.2
Check: for code/documentation mismatches
Result: WARN
During startup - Warning message:
In read.table(file = file, header = header, sep = sep, quote = quote, :
cols = 6 != length(data) = 7
During startup - Warning message:
In read.table(file = file, header = header, sep = sep, quote = quote, :
cols = 6 != length(data) = 7
During startup - Warning message:
In read.table(file = file, header = header, sep = sep, quote = quote, :
cols = 6 != length(data) = 7
Flavor: r-release-windows-x86_64
Version: 3.0.2
Check: Rd \usage sections
Result: WARN
During startup - Warning message:
In read.table(file = file, header = header, sep = sep, quote = quote, :
cols = 6 != length(data) = 7
Functions with \usage entries need to have the appropriate \alias
entries, and all their arguments documented.
The \usage entries must correspond to syntactically valid R code.
See chapter 'Writing R documentation files' in the 'Writing R
Extensions' manual.
During startup - Warning message:
In read.table(file = file, header = header, sep = sep, quote = quote, :
cols = 6 != length(data) = 7
The \usage entries for S3 methods should use the \method markup and not
their full name.
See chapter 'Writing R documentation files' in the 'Writing R
Extensions' manual.
Flavor: r-release-windows-x86_64
Version: 3.0.2
Check: Rd contents
Result: NOTE
Warning in read.table(file = file, header = header, sep = sep, quote = quote, :
cols = 6 != length(data) = 7
Flavor: r-release-windows-x86_64
Version: 3.0.2
Check: for unstated dependencies in examples
Result: WARN
Warning in read.table(file = file, header = header, sep = sep, quote = quote, :
cols = 6 != length(data) = 7
Flavor: r-release-windows-x86_64
Version: 3.0.2
Check: compiled code
Result: NOTE
Warning in read.table(file = file, header = header, sep = sep, quote = quote, :
cols = 6 != length(data) = 7
See 'Writing portable packages' in the 'Writing R Extensions' manual.
Flavor: r-release-windows-x86_64
Version: 3.0.2
Check: for unstated dependencies in ‘tests’
Result: WARN
Warning in read.table(file = file, header = header, sep = sep, quote = quote, :
cols = 6 != length(data) = 7
Flavor: r-release-windows-x86_64
Version: 3.0.2
Check: for unstated dependencies in vignettes
Result: NOTE
Warning in read.table(file = file, header = header, sep = sep, quote = quote, :
cols = 6 != length(data) = 7
Warning in read.table(file = file, header = header, sep = sep, quote = quote, :
cols = 6 != length(data) = 7
Flavor: r-release-windows-x86_64