Last updated on 2025-02-19 09:50:47 CET.
Flavor | Version | Tinstall | Tcheck | Ttotal | Status | Flags |
---|---|---|---|---|---|---|
r-devel-linux-x86_64-debian-clang | 0.2.6 | 3.02 | 48.61 | 51.63 | OK | |
r-devel-linux-x86_64-debian-gcc | 0.2.6 | 2.37 | 35.60 | 37.97 | OK | |
r-devel-linux-x86_64-fedora-clang | 0.2.6 | 82.28 | OK | |||
r-devel-linux-x86_64-fedora-gcc | 0.2.6 | 92.12 | OK | |||
r-devel-macos-arm64 | 0.2.6 | 43.00 | OK | |||
r-devel-macos-x86_64 | 0.2.6 | 88.00 | OK | |||
r-devel-windows-x86_64 | 0.2.6 | 5.00 | 78.00 | 83.00 | OK | |
r-patched-linux-x86_64 | 0.2.6 | 3.25 | 45.76 | 49.01 | NOTE | |
r-release-linux-x86_64 | 0.2.6 | 3.32 | 45.91 | 49.23 | NOTE | |
r-release-macos-arm64 | 0.2.6 | 38.00 | NOTE | |||
r-release-macos-x86_64 | 0.2.6 | 70.00 | NOTE | |||
r-release-windows-x86_64 | 0.2.6 | 5.00 | 70.00 | 75.00 | NOTE | |
r-oldrel-macos-arm64 | 0.2.6 | 40.00 | NOTE | |||
r-oldrel-macos-x86_64 | 0.2.6 | 55.00 | NOTE | |||
r-oldrel-windows-x86_64 | 0.2.6 | 6.00 | 102.00 | 108.00 | NOTE |
Version: 0.2.6
Check: LazyData
Result: NOTE
'LazyData' is specified without a 'data' directory
Flavors: r-patched-linux-x86_64, r-release-linux-x86_64, r-release-macos-arm64, r-release-macos-x86_64, r-release-windows-x86_64, r-oldrel-macos-arm64, r-oldrel-macos-x86_64, r-oldrel-windows-x86_64