Last updated on 2025-04-16 09:52:57 CEST.
Flavor | Version | Tinstall | Tcheck | Ttotal | Status | Flags |
---|---|---|---|---|---|---|
r-devel-linux-x86_64-debian-clang | 0.10-1 | 56.01 | 101.42 | 157.43 | OK | |
r-devel-linux-x86_64-debian-gcc | 0.10-1 | 38.81 | 64.83 | 103.64 | OK | |
r-devel-linux-x86_64-fedora-clang | 0.10-1 | 265.40 | OK | |||
r-devel-linux-x86_64-fedora-gcc | 0.10-1 | 251.58 | OK | |||
r-devel-windows-x86_64 | 0.10-1 | 75.00 | 142.00 | 217.00 | OK | |
r-patched-linux-x86_64 | 0.10-1 | 57.03 | 97.87 | 154.90 | OK | |
r-release-linux-x86_64 | 0.10-1 | 53.46 | 98.67 | 152.13 | OK | |
r-release-macos-arm64 | 0.10-1 | 64.00 | OK | |||
r-release-macos-x86_64 | 0.10-1 | 121.00 | OK | |||
r-release-windows-x86_64 | 0.10-1 | 71.00 | 134.00 | 205.00 | OK | |
r-oldrel-macos-arm64 | 0.10-1 | 72.00 | NOTE | |||
r-oldrel-macos-x86_64 | 0.10-1 | 154.00 | NOTE | |||
r-oldrel-windows-x86_64 | 0.10-1 | 89.00 | 175.00 | 264.00 | OK |
Version: 0.10-1
Check: installed package size
Result: NOTE
installed size is 8.1Mb
sub-directories of 1Mb or more:
libs 6.9Mb
Flavors: r-oldrel-macos-arm64, r-oldrel-macos-x86_64