CRAN Package Check Results for Package discretization

Last updated on 2025-05-10 09:50:28 CEST.

Flavor Version Tinstall Tcheck Ttotal Status Flags
r-devel-linux-x86_64-debian-clang 1.0-1.1 2.45 27.59 30.04 NOTE
r-devel-linux-x86_64-debian-gcc 1.0-1.1 1.85 19.80 21.65 NOTE
r-devel-linux-x86_64-fedora-clang 1.0-1.1 46.93 OK
r-devel-linux-x86_64-fedora-gcc 1.0-1.1 45.63 OK
r-devel-windows-x86_64 1.0-1.1 3.00 47.00 50.00 OK
r-patched-linux-x86_64 1.0-1.1 2.77 26.08 28.85 OK
r-release-linux-x86_64 1.0-1.1 2.22 26.20 28.42 OK
r-release-macos-arm64 1.0-1.1 20.00 OK
r-release-macos-x86_64 1.0-1.1 29.00 OK
r-release-windows-x86_64 1.0-1.1 3.00 51.00 54.00 OK
r-oldrel-macos-arm64 1.0-1.1 21.00 OK
r-oldrel-macos-x86_64 1.0-1.1 28.00 OK
r-oldrel-windows-x86_64 1.0-1.1 4.00 45.00 49.00 OK

Check Details

Version: 1.0-1.1
Check: CRAN incoming feasibility
Result: NOTE Maintainer: ‘HyunJi Kim <polaris7867@gmail.com>’ No Authors@R field in DESCRIPTION. Please add one, modifying Authors@R: person(given = "HyunJi", family = "Kim", role = c("aut", "cre"), email = "polaris7867@gmail.com") as necessary. Flavors: r-devel-linux-x86_64-debian-clang, r-devel-linux-x86_64-debian-gcc