Last updated on 2025-10-27 08:49:50 CET.
| Flavor | Version | Tinstall | Tcheck | Ttotal | Status | Flags | 
|---|---|---|---|---|---|---|
| r-devel-linux-x86_64-debian-clang | 0.3.2 | 4.23 | 50.84 | 55.07 | NOTE | |
| r-devel-linux-x86_64-debian-gcc | 0.3.2 | 3.25 | 38.96 | 42.21 | NOTE | |
| r-devel-linux-x86_64-fedora-clang | 0.3.2 | 83.56 | OK | |||
| r-devel-linux-x86_64-fedora-gcc | 0.3.2 | 10.00 | 85.71 | 95.71 | OK | |
| r-devel-windows-x86_64 | 0.3.2 | 5.00 | 60.00 | 65.00 | OK | |
| r-patched-linux-x86_64 | 0.3.2 | 4.38 | 48.06 | 52.44 | OK | |
| r-release-linux-x86_64 | 0.3.2 | 4.39 | 48.61 | 53.00 | OK | |
| r-release-macos-arm64 | 0.3.2 | 3.00 | 32.00 | 35.00 | OK | |
| r-release-macos-x86_64 | 0.3.2 | 7.00 | 71.00 | 78.00 | OK | |
| r-release-windows-x86_64 | 0.3.2 | 6.00 | 61.00 | 67.00 | OK | |
| r-oldrel-macos-arm64 | 0.3.2 | 2.00 | 35.00 | 37.00 | OK | |
| r-oldrel-macos-x86_64 | 0.3.2 | 3.00 | 44.00 | 47.00 | OK | |
| r-oldrel-windows-x86_64 | 0.3.2 | 9.00 | 72.00 | 81.00 | OK | 
Version: 0.3.2
Check: CRAN incoming feasibility
Result: NOTE
  Maintainer: ‘Michele Braccini <braccini.michele@gmail.com>’
  
  No Authors@R field in DESCRIPTION.
  Please add one, modifying
    Authors@R: person(given = "Michele",
                      family = "Braccini",
                      role = c("aut", "cre"),
                      email = "braccini.michele@gmail.com")
  as necessary.
Flavors: r-devel-linux-x86_64-debian-clang, r-devel-linux-x86_64-debian-gcc