Last updated on 2025-02-19 09:50:46 CET.
Flavor | Version | Tinstall | Tcheck | Ttotal | Status | Flags |
---|---|---|---|---|---|---|
r-devel-linux-x86_64-debian-clang | 8.13.36 | 2.98 | 27.46 | 30.44 | OK | |
r-devel-linux-x86_64-debian-gcc | 8.13.36 | 2.18 | 21.25 | 23.43 | OK | |
r-devel-linux-x86_64-fedora-clang | 8.13.36 | 48.53 | OK | |||
r-devel-linux-x86_64-fedora-gcc | 8.13.36 | 45.80 | OK | |||
r-devel-macos-arm64 | 8.13.36 | 19.00 | OK | |||
r-devel-macos-x86_64 | 8.13.36 | 31.00 | OK | |||
r-devel-windows-x86_64 | 8.13.36 | 3.00 | 47.00 | 50.00 | OK | |
r-patched-linux-x86_64 | 8.13.36 | 2.86 | 26.01 | 28.87 | OK | |
r-release-linux-x86_64 | 8.13.36 | 2.26 | 25.68 | 27.94 | OK | |
r-release-macos-arm64 | 8.13.36 | 30.00 | OK | |||
r-release-macos-x86_64 | 8.13.36 | 28.00 | OK | |||
r-release-windows-x86_64 | 8.13.36 | 4.00 | 3.00 | 7.00 | FAIL | |
r-oldrel-macos-arm64 | 8.13.36 | 25.00 | OK | |||
r-oldrel-macos-x86_64 | 8.13.36 | 46.00 | OK | |||
r-oldrel-windows-x86_64 | 8.13.36 | 3.00 | 48.00 | 51.00 | OK |
Version: 8.13.36
Check: package dependencies
Result: FAIL
Flavor: r-release-windows-x86_64