Last updated on 2025-02-16 09:50:37 CET.
Flavor | Version | Tinstall | Tcheck | Ttotal | Status | Flags |
---|---|---|---|---|---|---|
r-devel-linux-x86_64-debian-clang | 3.1.0 | 373.47 | 104.30 | 477.77 | NOTE | |
r-devel-linux-x86_64-debian-gcc | 3.1.0 | 291.33 | 72.82 | 364.15 | NOTE | |
r-devel-linux-x86_64-fedora-clang | 3.1.0 | 1061.98 | NOTE | |||
r-devel-linux-x86_64-fedora-gcc | 3.1.0 | 1064.85 | NOTE | |||
r-devel-macos-arm64 | 3.1.0 | 215.00 | OK | |||
r-devel-macos-x86_64 | 3.1.0 | 216.00 | NOTE | |||
r-devel-windows-x86_64 | 3.1.0 | 450.00 | 157.00 | 607.00 | NOTE | |
r-patched-linux-x86_64 | 3.1.0 | 409.55 | 90.71 | 500.26 | OK | |
r-release-linux-x86_64 | 3.1.0 | 409.42 | 91.50 | 500.92 | OK | |
r-release-macos-arm64 | 3.1.0 | 173.00 | NOTE | |||
r-release-macos-x86_64 | 3.1.0 | 278.00 | NOTE | |||
r-release-windows-x86_64 | 3.1.0 | 445.00 | 141.00 | 586.00 | OK | |
r-oldrel-macos-arm64 | 3.1.0 | 186.00 | NOTE | |||
r-oldrel-macos-x86_64 | 3.1.0 | 244.00 | NOTE | |||
r-oldrel-windows-x86_64 | 3.1.0 | 535.00 | 168.00 | 703.00 | OK |
Version: 3.1.0
Check: DESCRIPTION meta-information
Result: NOTE
Missing dependency on R >= 4.1.0 because package code uses the pipe
|> or function shorthand \(...) syntax added in R 4.1.0.
File(s) using such syntax:
‘dggridR.R’
Flavors: r-devel-linux-x86_64-debian-clang, r-devel-linux-x86_64-debian-gcc, r-devel-linux-x86_64-fedora-clang, r-devel-linux-x86_64-fedora-gcc, r-devel-macos-x86_64, r-devel-windows-x86_64
Version: 3.1.0
Check: installed package size
Result: NOTE
installed size is 16.9Mb
sub-directories of 1Mb or more:
doc 1.5Mb
libs 15.0Mb
Flavors: r-release-macos-arm64, r-release-macos-x86_64, r-oldrel-macos-arm64, r-oldrel-macos-x86_64