Last updated on 2025-02-19 09:50:46 CET.
Flavor | Version | Tinstall | Tcheck | Ttotal | Status | Flags |
---|---|---|---|---|---|---|
r-devel-linux-x86_64-debian-clang | 1.0.0 | 13.23 | 91.89 | 105.12 | NOTE | |
r-devel-linux-x86_64-debian-gcc | 1.0.0 | 8.26 | 67.34 | 75.60 | NOTE | |
r-devel-linux-x86_64-fedora-clang | 1.0.0 | 164.92 | OK | |||
r-devel-linux-x86_64-fedora-gcc | 1.0.0 | 153.51 | OK | |||
r-devel-macos-arm64 | 1.0.0 | 45.00 | OK | |||
r-devel-macos-x86_64 | 1.0.0 | 104.00 | OK | |||
r-devel-windows-x86_64 | 1.0.0 | 13.00 | 97.00 | 110.00 | NOTE | |
r-patched-linux-x86_64 | 1.0.0 | 14.61 | 85.24 | 99.85 | OK | |
r-release-linux-x86_64 | 1.0.0 | 10.71 | 83.70 | 94.41 | OK | |
r-release-macos-arm64 | 1.0.0 | 52.00 | OK | |||
r-release-macos-x86_64 | 1.0.0 | 68.00 | OK | |||
r-release-windows-x86_64 | 1.0.0 | 15.00 | 3.00 | 18.00 | FAIL | |
r-oldrel-macos-arm64 | 1.0.0 | 58.00 | OK | |||
r-oldrel-macos-x86_64 | 1.0.0 | 82.00 | OK | |||
r-oldrel-windows-x86_64 | 1.0.0 | 16.00 | 126.00 | 142.00 | OK |
Version: 1.0.0
Check: Rd cross-references
Result: NOTE
Found the following Rd file(s) with Rd \link{} targets missing package
anchors:
MA_estimates.Rd: glmer, lmerControl, glmerControl
REMB-class.Rd: glmer
glimem.Rd: glmer, lmerControl, glmerControl
Please provide package anchors for all Rd \link{} targets not in the
package itself and the base packages.
Flavors: r-devel-linux-x86_64-debian-clang, r-devel-linux-x86_64-debian-gcc, r-devel-windows-x86_64
Version: 1.0.0
Check: package dependencies
Result: FAIL
Flavor: r-release-windows-x86_64