Last updated on 2025-02-19 09:50:46 CET.
Flavor | Version | Tinstall | Tcheck | Ttotal | Status | Flags |
---|---|---|---|---|---|---|
r-devel-linux-x86_64-debian-clang | 0.1.2 | 1.83 | 15.77 | 17.60 | OK | |
r-devel-linux-x86_64-debian-gcc | 0.1.2 | 1.66 | 13.38 | 15.04 | OK | |
r-devel-linux-x86_64-fedora-clang | 0.1.2 | 28.32 | OK | |||
r-devel-linux-x86_64-fedora-gcc | 0.1.2 | 27.11 | OK | |||
r-devel-macos-arm64 | 0.1.2 | 19.00 | OK | |||
r-devel-macos-x86_64 | 0.1.2 | 23.00 | OK | |||
r-devel-windows-x86_64 | 0.1.2 | 4.00 | 39.00 | 43.00 | OK | |
r-patched-linux-x86_64 | 0.1.2 | 1.91 | 15.04 | 16.95 | OK | |
r-release-linux-x86_64 | 0.1.2 | 1.77 | 15.13 | 16.90 | OK | |
r-release-macos-arm64 | 0.1.2 | 15.00 | OK | |||
r-release-macos-x86_64 | 0.1.2 | 22.00 | OK | |||
r-release-windows-x86_64 | 0.1.2 | 4.00 | 3.00 | 7.00 | FAIL | |
r-oldrel-macos-arm64 | 0.1.2 | 17.00 | OK | |||
r-oldrel-macos-x86_64 | 0.1.2 | 28.00 | OK | |||
r-oldrel-windows-x86_64 | 0.1.2 | 5.00 | 44.00 | 49.00 | OK |
Version: 0.1.2
Check: package dependencies
Result: FAIL
Flavor: r-release-windows-x86_64