Last updated on 2025-02-20 09:50:46 CET.
Flavor | Version | Tinstall | Tcheck | Ttotal | Status | Flags |
---|---|---|---|---|---|---|
r-devel-linux-x86_64-debian-clang | 0.4-6 | 10.28 | 280.47 | 290.75 | OK | |
r-devel-linux-x86_64-debian-gcc | 0.4-6 | 6.17 | 184.55 | 190.72 | OK | |
r-devel-linux-x86_64-fedora-clang | 0.4-6 | 488.72 | OK | |||
r-devel-linux-x86_64-fedora-gcc | 0.4-6 | 507.01 | OK | |||
r-devel-macos-arm64 | 0.4-6 | 140.00 | OK | |||
r-devel-macos-x86_64 | 0.4-6 | 412.00 | OK | |||
r-devel-windows-x86_64 | 0.4-6 | 9.00 | 475.00 | 484.00 | OK | |
r-patched-linux-x86_64 | 0.4-6 | 9.15 | 298.25 | 307.40 | OK | |
r-release-linux-x86_64 | 0.4-6 | 9.36 | 288.48 | 297.84 | OK | |
r-release-macos-arm64 | 0.4-6 | 138.00 | OK | |||
r-release-macos-x86_64 | 0.4-6 | 312.00 | OK | |||
r-release-windows-x86_64 | 0.4-6 | 10.00 | 3.00 | 13.00 | FAIL | |
r-oldrel-macos-arm64 | 0.4-6 | 156.00 | OK | |||
r-oldrel-macos-x86_64 | 0.4-6 | 270.00 | OK | |||
r-oldrel-windows-x86_64 | 0.4-6 | 9.00 | 495.00 | 504.00 | OK |
Version: 0.4-6
Check: package dependencies
Result: FAIL
Flavor: r-release-windows-x86_64