Last updated on 2025-02-16 09:50:37 CET.
Flavor | Version | Tinstall | Tcheck | Ttotal | Status | Flags |
---|---|---|---|---|---|---|
r-devel-linux-x86_64-debian-clang | 0.3.0 | 6.69 | 61.56 | 68.25 | NOTE | |
r-devel-linux-x86_64-debian-gcc | 0.3.0 | 4.47 | 46.20 | 50.67 | NOTE | |
r-devel-linux-x86_64-fedora-clang | 0.3.0 | 112.72 | OK | |||
r-devel-linux-x86_64-fedora-gcc | 0.3.0 | 111.30 | OK | |||
r-devel-macos-arm64 | 0.3.0 | 44.00 | OK | |||
r-devel-macos-x86_64 | 0.3.0 | 75.00 | OK | |||
r-devel-windows-x86_64 | 0.3.0 | 9.00 | 88.00 | 97.00 | NOTE | |
r-patched-linux-x86_64 | 0.3.0 | 10.15 | 55.07 | 65.22 | OK | |
r-release-linux-x86_64 | 0.3.0 | 4.54 | 54.96 | 59.50 | OK | |
r-release-macos-arm64 | 0.3.0 | 42.00 | OK | |||
r-release-macos-x86_64 | 0.3.0 | 59.00 | OK | |||
r-release-windows-x86_64 | 0.3.0 | 10.00 | 83.00 | 93.00 | OK | |
r-oldrel-macos-arm64 | 0.3.0 | 39.00 | OK | |||
r-oldrel-macos-x86_64 | 0.3.0 | 62.00 | OK | |||
r-oldrel-windows-x86_64 | 0.3.0 | 10.00 | 98.00 | 108.00 | OK |
Version: 0.3.0
Check: Rd cross-references
Result: NOTE
Found the following Rd file(s) with Rd \link{} targets missing package
anchors:
pander.desctable.Rd: pandoc.table
Please provide package anchors for all Rd \link{} targets not in the
package itself and the base packages.
Flavors: r-devel-linux-x86_64-debian-clang, r-devel-linux-x86_64-debian-gcc, r-devel-windows-x86_64