CRAN Package Check Results for Package denoiseR

Last updated on 2025-04-16 09:52:57 CEST.

Flavor Version Tinstall Tcheck Ttotal Status Flags
r-devel-linux-x86_64-debian-clang 1.0.2 9.99 80.76 90.75 NOTE
r-devel-linux-x86_64-debian-gcc 1.0.2 7.09 59.35 66.44 NOTE
r-devel-linux-x86_64-fedora-clang 1.0.2 143.26 OK
r-devel-linux-x86_64-fedora-gcc 1.0.2 138.17 OK
r-devel-windows-x86_64 1.0.2 13.00 92.00 105.00 NOTE
r-patched-linux-x86_64 1.0.2 9.99 78.35 88.34 NOTE
r-release-linux-x86_64 1.0.2 10.19 78.46 88.65 NOTE
r-release-macos-arm64 1.0.2 45.00 OK
r-release-macos-x86_64 1.0.2 79.00 OK
r-release-windows-x86_64 1.0.2 12.00 98.00 110.00 NOTE
r-oldrel-macos-arm64 1.0.2 42.00 OK
r-oldrel-macos-x86_64 1.0.2 63.00 OK
r-oldrel-windows-x86_64 1.0.2 16.00 115.00 131.00 OK

Check Details

Version: 1.0.2
Check: Rd cross-references
Result: NOTE Found the following Rd file(s) with Rd \link{} targets missing package anchors: estim_sigma.Rd: estim_ncp Please provide package anchors for all Rd \link{} targets not in the package itself and the base packages. Flavors: r-devel-linux-x86_64-debian-clang, r-devel-linux-x86_64-debian-gcc, r-devel-windows-x86_64, r-patched-linux-x86_64, r-release-linux-x86_64, r-release-windows-x86_64