CRAN Package Check Results for Package demoShiny

Last updated on 2025-02-16 09:50:37 CET.

Flavor Version Tinstall Tcheck Ttotal Status Flags
r-devel-linux-x86_64-debian-clang 0.1 3.41 32.47 35.88 OK
r-devel-linux-x86_64-debian-gcc 0.1 2.61 24.95 27.56 OK
r-devel-linux-x86_64-fedora-clang 0.1 63.76 OK
r-devel-linux-x86_64-fedora-gcc 0.1 68.49 OK
r-devel-macos-arm64 0.1 29.00 OK
r-devel-macos-x86_64 0.1 51.00 OK
r-devel-windows-x86_64 0.1 6.00 60.00 66.00 OK
r-patched-linux-x86_64 0.1 2.64 30.94 33.58 NOTE
r-release-linux-x86_64 0.1 3.66 31.12 34.78 NOTE
r-release-macos-arm64 0.1 27.00 NOTE
r-release-macos-x86_64 0.1 40.00 NOTE
r-release-windows-x86_64 0.1 5.00 55.00 60.00 NOTE
r-oldrel-macos-arm64 0.1 26.00 NOTE
r-oldrel-macos-x86_64 0.1 40.00 NOTE
r-oldrel-windows-x86_64 0.1 5.00 55.00 60.00 NOTE

Check Details

Version: 0.1
Check: LazyData
Result: NOTE 'LazyData' is specified without a 'data' directory Flavors: r-patched-linux-x86_64, r-release-linux-x86_64, r-release-macos-arm64, r-release-macos-x86_64, r-release-windows-x86_64, r-oldrel-macos-arm64, r-oldrel-macos-x86_64, r-oldrel-windows-x86_64