Last updated on 2025-02-16 09:50:37 CET.
Flavor | Version | Tinstall | Tcheck | Ttotal | Status | Flags |
---|---|---|---|---|---|---|
r-devel-linux-x86_64-debian-clang | 1.0-0 | 15.51 | 126.20 | 141.71 | NOTE | |
r-devel-linux-x86_64-debian-gcc | 1.0-0 | 12.19 | 91.26 | 103.45 | NOTE | |
r-devel-linux-x86_64-fedora-clang | 1.0-0 | 247.52 | NOTE | |||
r-devel-linux-x86_64-fedora-gcc | 1.0-0 | 209.50 | NOTE | |||
r-devel-macos-arm64 | 1.0-0 | 63.00 | OK | |||
r-devel-macos-x86_64 | 1.0-0 | 128.00 | NOTE | |||
r-devel-windows-x86_64 | 1.0-0 | 18.00 | 122.00 | 140.00 | NOTE | |
r-patched-linux-x86_64 | 1.0-0 | 14.67 | 113.23 | 127.90 | OK | |
r-release-linux-x86_64 | 1.0-0 | 13.10 | 114.09 | 127.19 | OK | |
r-release-macos-arm64 | 1.0-0 | 63.00 | OK | |||
r-release-macos-x86_64 | 1.0-0 | 90.00 | OK | |||
r-release-windows-x86_64 | 1.0-0 | 19.00 | 127.00 | 146.00 | OK | |
r-oldrel-macos-arm64 | 1.0-0 | 72.00 | OK | |||
r-oldrel-macos-x86_64 | 1.0-0 | 103.00 | OK | |||
r-oldrel-windows-x86_64 | 1.0-0 | 23.00 | 151.00 | 174.00 | OK |
Version: 1.0-0
Check: DESCRIPTION meta-information
Result: NOTE
Missing dependency on R >= 4.1.0 because package code uses the pipe
|> or function shorthand \(...) syntax added in R 4.1.0.
File(s) using such syntax:
‘ensembles.R’ ‘methods.R’
Flavors: r-devel-linux-x86_64-debian-clang, r-devel-linux-x86_64-debian-gcc, r-devel-linux-x86_64-fedora-clang, r-devel-linux-x86_64-fedora-gcc, r-devel-macos-x86_64, r-devel-windows-x86_64