Last updated on 2025-04-15 09:52:19 CEST.
Flavor | Version | Tinstall | Tcheck | Ttotal | Status | Flags |
---|---|---|---|---|---|---|
r-devel-linux-x86_64-debian-clang | 1.2 | 6.81 | 63.37 | 70.18 | NOTE | |
r-devel-linux-x86_64-debian-gcc | 1.2 | 5.00 | 47.89 | 52.89 | NOTE | |
r-devel-linux-x86_64-fedora-clang | 1.2 | 107.83 | NOTE | |||
r-devel-linux-x86_64-fedora-gcc | 1.2 | 107.17 | NOTE | |||
r-devel-windows-x86_64 | 1.2 | 7.00 | 80.00 | 87.00 | NOTE | |
r-patched-linux-x86_64 | 1.2 | 7.39 | 60.86 | 68.25 | NOTE | |
r-release-linux-x86_64 | 1.2 | 6.95 | 60.99 | 67.94 | NOTE | |
r-release-macos-arm64 | 1.2 | 37.00 | NOTE | |||
r-release-macos-x86_64 | 1.2 | 73.00 | NOTE | |||
r-release-windows-x86_64 | 1.2 | 8.00 | 80.00 | 88.00 | NOTE | |
r-oldrel-macos-arm64 | 1.2 | 34.00 | NOTE | |||
r-oldrel-macos-x86_64 | 1.2 | 53.00 | NOTE | |||
r-oldrel-windows-x86_64 | 1.2 | 10.00 | 92.00 | 102.00 | NOTE |
Version: 1.2
Check: Rd files
Result: NOTE
checkRd: (-1) deepNN-package.Rd:18: Lost braces
18 | section{Dependencies}{
| ^
checkRd: (-1) deepNN-package.Rd:18-21: Lost braces
18 | section{Dependencies}{
| ^
checkRd: (-1) deepNN-package.Rd:23: Lost braces
23 | section{Citation}{
| ^
checkRd: (-1) deepNN-package.Rd:23-25: Lost braces
23 | section{Citation}{
| ^
checkRd: (-1) deepNN-package.Rd:27-38: Lost braces
27 | references{
| ^
Flavors: r-devel-linux-x86_64-debian-clang, r-devel-linux-x86_64-debian-gcc, r-devel-linux-x86_64-fedora-clang, r-devel-linux-x86_64-fedora-gcc, r-devel-windows-x86_64, r-patched-linux-x86_64, r-release-linux-x86_64, r-release-macos-arm64, r-release-macos-x86_64, r-release-windows-x86_64, r-oldrel-macos-arm64, r-oldrel-macos-x86_64, r-oldrel-windows-x86_64