Last updated on 2025-02-16 09:50:37 CET.
Flavor | Version | Tinstall | Tcheck | Ttotal | Status | Flags |
---|---|---|---|---|---|---|
r-devel-linux-x86_64-debian-clang | 0.1.0 | 2.10 | 30.09 | 32.19 | NOTE | |
r-devel-linux-x86_64-debian-gcc | 0.1.0 | 1.78 | 23.46 | 25.24 | NOTE | |
r-devel-linux-x86_64-fedora-clang | 0.1.0 | 55.03 | OK | |||
r-devel-linux-x86_64-fedora-gcc | 0.1.0 | 63.00 | OK | |||
r-devel-macos-arm64 | 0.1.0 | 26.00 | OK | |||
r-devel-macos-x86_64 | 0.1.0 | 45.00 | OK | |||
r-devel-windows-x86_64 | 0.1.0 | 3.00 | 50.00 | 53.00 | NOTE | |
r-patched-linux-x86_64 | 0.1.0 | 2.83 | 27.81 | 30.64 | OK | |
r-release-linux-x86_64 | 0.1.0 | 2.14 | 28.00 | 30.14 | OK | |
r-release-macos-arm64 | 0.1.0 | 26.00 | OK | |||
r-release-macos-x86_64 | 0.1.0 | 41.00 | OK | |||
r-release-windows-x86_64 | 0.1.0 | 5.00 | 51.00 | 56.00 | OK | |
r-oldrel-macos-arm64 | 0.1.0 | 30.00 | OK | |||
r-oldrel-macos-x86_64 | 0.1.0 | 37.00 | OK | |||
r-oldrel-windows-x86_64 | 0.1.0 | 3.00 | 53.00 | 56.00 | OK |
Version: 0.1.0
Check: Rd cross-references
Result: NOTE
Found the following Rd file(s) with Rd \link{} targets missing package
anchors:
dedupe_wide.Rd: data.table
na_move.Rd: data.table
Please provide package anchors for all Rd \link{} targets not in the
package itself and the base packages.
Flavors: r-devel-linux-x86_64-debian-clang, r-devel-linux-x86_64-debian-gcc, r-devel-windows-x86_64