Last updated on 2025-02-20 09:50:46 CET.
Flavor | Version | Tinstall | Tcheck | Ttotal | Status | Flags |
---|---|---|---|---|---|---|
r-devel-linux-x86_64-debian-clang | 0.1.0 | 10.13 | 85.96 | 96.09 | OK | |
r-devel-linux-x86_64-debian-gcc | 0.1.0 | 7.14 | 58.66 | 65.80 | OK | |
r-devel-linux-x86_64-fedora-clang | 0.1.0 | 148.26 | OK | |||
r-devel-linux-x86_64-fedora-gcc | 0.1.0 | 141.90 | OK | |||
r-devel-macos-arm64 | 0.1.0 | 44.00 | OK | |||
r-devel-macos-x86_64 | 0.1.0 | 86.00 | OK | |||
r-devel-windows-x86_64 | 0.1.0 | 10.00 | 91.00 | 101.00 | OK | |
r-patched-linux-x86_64 | 0.1.0 | 9.09 | 80.86 | 89.95 | OK | |
r-release-linux-x86_64 | 0.1.0 | 8.71 | 79.83 | 88.54 | OK | |
r-release-macos-arm64 | 0.1.0 | 43.00 | OK | |||
r-release-macos-x86_64 | 0.1.0 | 86.00 | OK | |||
r-release-windows-x86_64 | 0.1.0 | 10.00 | 3.00 | 13.00 | FAIL | |
r-oldrel-macos-arm64 | 0.1.0 | 47.00 | OK | |||
r-oldrel-macos-x86_64 | 0.1.0 | 79.00 | OK | |||
r-oldrel-windows-x86_64 | 0.1.0 | 14.00 | 114.00 | 128.00 | OK |
Version: 0.1.0
Check: package dependencies
Result: FAIL
Flavor: r-release-windows-x86_64