Last updated on 2025-02-19 09:50:46 CET.
Flavor | Version | Tinstall | Tcheck | Ttotal | Status | Flags |
---|---|---|---|---|---|---|
r-devel-linux-x86_64-debian-clang | 1.0.0 | 9.37 | 194.54 | 203.91 | OK | |
r-devel-linux-x86_64-debian-gcc | 1.0.0 | 5.87 | 133.38 | 139.25 | OK | |
r-devel-linux-x86_64-fedora-clang | 1.0.0 | 316.17 | OK | |||
r-devel-linux-x86_64-fedora-gcc | 1.0.0 | 315.98 | OK | |||
r-devel-macos-arm64 | 1.0.0 | 105.00 | OK | |||
r-devel-macos-x86_64 | 1.0.0 | 203.00 | OK | |||
r-devel-windows-x86_64 | 1.0.0 | 10.00 | 221.00 | 231.00 | OK | |
r-patched-linux-x86_64 | 1.0.0 | 8.58 | 185.56 | 194.14 | OK | |
r-release-linux-x86_64 | 1.0.0 | 8.33 | 180.84 | 189.17 | OK | |
r-release-macos-arm64 | 1.0.0 | 112.00 | OK | |||
r-release-macos-x86_64 | 1.0.0 | 167.00 | OK | |||
r-release-windows-x86_64 | 1.0.0 | 11.00 | 3.00 | 14.00 | FAIL | |
r-oldrel-macos-arm64 | 1.0.0 | 105.00 | OK | |||
r-oldrel-macos-x86_64 | 1.0.0 | 311.00 | OK | |||
r-oldrel-windows-x86_64 | 1.0.0 | 13.00 | 287.00 | 300.00 | OK |
Version: 1.0.0
Check: package dependencies
Result: FAIL
Flavor: r-release-windows-x86_64