Last updated on 2025-02-19 09:50:46 CET.
Flavor | Version | Tinstall | Tcheck | Ttotal | Status | Flags |
---|---|---|---|---|---|---|
r-devel-linux-x86_64-debian-clang | 0.9.2 | 37.55 | 23.32 | 60.87 | NOTE | |
r-devel-linux-x86_64-debian-gcc | 0.9.2 | 24.54 | 18.18 | 42.72 | NOTE | |
r-devel-linux-x86_64-fedora-clang | 0.9.2 | 114.63 | NOTE | |||
r-devel-linux-x86_64-fedora-gcc | 0.9.2 | 102.15 | NOTE | |||
r-devel-macos-arm64 | 0.9.2 | 31.00 | NOTE | |||
r-devel-macos-x86_64 | 0.9.2 | 39.00 | NOTE | |||
r-devel-windows-x86_64 | 0.9.2 | 40.00 | 65.00 | 105.00 | NOTE | |
r-patched-linux-x86_64 | 0.9.2 | 36.36 | 22.12 | 58.48 | NOTE | |
r-release-linux-x86_64 | 0.9.2 | 33.37 | 22.19 | 55.56 | NOTE | |
r-release-macos-arm64 | 0.9.2 | 33.00 | NOTE | |||
r-release-macos-x86_64 | 0.9.2 | 34.00 | NOTE | |||
r-release-windows-x86_64 | 0.9.2 | 40.00 | 3.00 | 43.00 | FAIL | |
r-oldrel-macos-arm64 | 0.9.2 | 34.00 | NOTE | |||
r-oldrel-macos-x86_64 | 0.9.2 | 52.00 | NOTE | |||
r-oldrel-windows-x86_64 | 0.9.2 | 49.00 | 67.00 | 116.00 | NOTE |
Version: 0.9.2
Check: C++ specification
Result: NOTE
Specified C++11: please drop specification unless essential
Flavors: r-devel-linux-x86_64-debian-clang, r-devel-linux-x86_64-debian-gcc, r-devel-linux-x86_64-fedora-clang, r-devel-linux-x86_64-fedora-gcc, r-devel-macos-arm64, r-devel-macos-x86_64, r-devel-windows-x86_64, r-patched-linux-x86_64, r-release-linux-x86_64, r-release-macos-arm64, r-release-macos-x86_64, r-oldrel-macos-arm64, r-oldrel-macos-x86_64, r-oldrel-windows-x86_64
Version: 0.9.2
Check: package dependencies
Result: FAIL
Flavor: r-release-windows-x86_64