Last updated on 2025-02-19 09:50:46 CET.
Flavor | Version | Tinstall | Tcheck | Ttotal | Status | Flags |
---|---|---|---|---|---|---|
r-devel-linux-x86_64-debian-clang | 1.2.2 | 102.21 | 99.43 | 201.64 | OK | |
r-devel-linux-x86_64-debian-gcc | 1.2.2 | 79.13 | 70.79 | 149.92 | OK | |
r-devel-linux-x86_64-fedora-clang | 1.2.2 | 389.95 | OK | |||
r-devel-linux-x86_64-fedora-gcc | 1.2.2 | 373.95 | OK | |||
r-devel-macos-arm64 | 1.2.2 | 105.00 | OK | |||
r-devel-macos-x86_64 | 1.2.2 | 217.00 | OK | |||
r-devel-windows-x86_64 | 1.2.2 | 114.00 | 158.00 | 272.00 | OK | |
r-patched-linux-x86_64 | 1.2.2 | 107.00 | 95.14 | 202.14 | OK | |
r-release-linux-x86_64 | 1.2.2 | 103.78 | 94.56 | 198.34 | OK | |
r-release-macos-arm64 | 1.2.2 | 97.00 | NOTE | |||
r-release-macos-x86_64 | 1.2.2 | 163.00 | NOTE | |||
r-release-windows-x86_64 | 1.2.2 | 120.00 | 169.00 | 289.00 | NOTE | |
r-oldrel-macos-arm64 | 1.2-0 | 123.00 | NOTE | |||
r-oldrel-macos-x86_64 | 1.2.2 | 147.00 | NOTE | |||
r-oldrel-windows-x86_64 | 1.2.2 | 144.00 | 182.00 | 326.00 | NOTE |
Version: 1.2.2
Check: installed package size
Result: NOTE
installed size is 11.0Mb
sub-directories of 1Mb or more:
doc 3.0Mb
libs 7.3Mb
Flavors: r-release-macos-arm64, r-release-macos-x86_64, r-release-windows-x86_64, r-oldrel-macos-x86_64, r-oldrel-windows-x86_64
Version: 1.2-0
Check: installed package size
Result: NOTE
installed size is 9.7Mb
sub-directories of 1Mb or more:
doc 2.6Mb
libs 6.5Mb
Flavor: r-oldrel-macos-arm64