Last updated on 2025-02-19 09:50:46 CET.
Flavor | Version | Tinstall | Tcheck | Ttotal | Status | Flags |
---|---|---|---|---|---|---|
r-devel-linux-x86_64-debian-clang | 0.1.0 | 1.64 | 16.49 | 18.13 | OK | |
r-devel-linux-x86_64-debian-gcc | 0.1.0 | 1.30 | 13.49 | 14.79 | OK | |
r-devel-linux-x86_64-fedora-clang | 0.1.0 | 28.54 | OK | |||
r-devel-linux-x86_64-fedora-gcc | 0.1.0 | 27.00 | OK | |||
r-devel-macos-arm64 | 0.1.0 | 15.00 | OK | |||
r-devel-macos-x86_64 | 0.1.0 | 22.00 | OK | |||
r-devel-windows-x86_64 | 0.1.0 | 3.00 | 47.00 | 50.00 | OK | |
r-patched-linux-x86_64 | 0.1.0 | 1.34 | 15.60 | 16.94 | NOTE | |
r-release-linux-x86_64 | 0.1.0 | 1.57 | 15.65 | 17.22 | NOTE | |
r-release-macos-arm64 | 0.1.0 | 14.00 | NOTE | |||
r-release-macos-x86_64 | 0.1.0 | 20.00 | NOTE | |||
r-release-windows-x86_64 | 0.1.0 | 3.00 | 3.00 | 6.00 | FAIL | |
r-oldrel-macos-arm64 | 0.1.0 | 16.00 | NOTE | |||
r-oldrel-macos-x86_64 | 0.1.0 | 20.00 | NOTE | |||
r-oldrel-windows-x86_64 | 0.1.0 | 3.00 | 50.00 | 53.00 | NOTE |
Version: 0.1.0
Check: LazyData
Result: NOTE
'LazyData' is specified without a 'data' directory
Flavors: r-patched-linux-x86_64, r-release-linux-x86_64, r-release-macos-arm64, r-release-macos-x86_64, r-oldrel-macos-arm64, r-oldrel-macos-x86_64, r-oldrel-windows-x86_64
Version: 0.1.0
Check: package dependencies
Result: FAIL
Flavor: r-release-windows-x86_64