CRAN Package Check Results for Package datetime

Last updated on 2025-02-16 09:50:36 CET.

Flavor Version Tinstall Tcheck Ttotal Status Flags
r-devel-linux-x86_64-debian-clang 0.1.4 1.76 17.94 19.70 OK
r-devel-linux-x86_64-debian-gcc 0.1.4 1.46 14.52 15.98 OK
r-devel-linux-x86_64-fedora-clang 0.1.4 36.79 OK
r-devel-linux-x86_64-fedora-gcc 0.1.4 32.62 OK
r-devel-macos-arm64 0.1.4 14.00 OK
r-devel-macos-x86_64 0.1.4 23.00 OK
r-devel-windows-x86_64 0.1.4 3.00 45.00 48.00 OK
r-patched-linux-x86_64 0.1.4 2.18 17.38 19.56 NOTE
r-release-linux-x86_64 0.1.4 1.86 17.28 19.14 NOTE
r-release-macos-arm64 0.1.4 13.00 NOTE
r-release-macos-x86_64 0.1.4 29.00 NOTE
r-release-windows-x86_64 0.1.4 2.00 43.00 45.00 NOTE
r-oldrel-macos-arm64 0.1.4 16.00 NOTE
r-oldrel-macos-x86_64 0.1.4 21.00 NOTE
r-oldrel-windows-x86_64 0.1.4 2.00 47.00 49.00 NOTE

Check Details

Version: 0.1.4
Check: package dependencies
Result: NOTE Package suggested but not available for checking: ‘SASxport’ Flavors: r-patched-linux-x86_64, r-release-linux-x86_64, r-release-macos-arm64, r-release-macos-x86_64, r-release-windows-x86_64, r-oldrel-macos-arm64, r-oldrel-macos-x86_64, r-oldrel-windows-x86_64

Version: 0.1.4
Check: LazyData
Result: NOTE 'LazyData' is specified without a 'data' directory Flavors: r-patched-linux-x86_64, r-release-linux-x86_64, r-release-macos-arm64, r-release-macos-x86_64, r-release-windows-x86_64, r-oldrel-macos-arm64, r-oldrel-macos-x86_64, r-oldrel-windows-x86_64