Last updated on 2025-02-20 09:50:46 CET.
Flavor | Version | Tinstall | Tcheck | Ttotal | Status | Flags |
---|---|---|---|---|---|---|
r-devel-linux-x86_64-debian-clang | 1.0.1 | 4.86 | 44.06 | 48.92 | OK | |
r-devel-linux-x86_64-debian-gcc | 1.0.1 | 3.25 | 31.30 | 34.55 | OK | |
r-devel-linux-x86_64-fedora-clang | 1.0.1 | 77.37 | OK | |||
r-devel-linux-x86_64-fedora-gcc | 1.0.1 | 136.45 | OK | |||
r-devel-macos-arm64 | 1.0.1 | 130.00 | OK | |||
r-devel-macos-x86_64 | 1.0.1 | 72.00 | OK | |||
r-devel-windows-x86_64 | 1.0.1 | 7.00 | 59.00 | 66.00 | OK | |
r-patched-linux-x86_64 | 1.0.1 | 4.46 | 38.34 | 42.80 | OK | |
r-release-linux-x86_64 | 1.0.1 | 3.56 | 38.22 | 41.78 | OK | |
r-release-macos-arm64 | 1.0.1 | 140.00 | OK | |||
r-release-macos-x86_64 | 1.0.1 | 151.00 | OK | |||
r-release-windows-x86_64 | 1.0.1 | 6.00 | 3.00 | 9.00 | FAIL | |
r-oldrel-macos-arm64 | 1.0.1 | 137.00 | OK | |||
r-oldrel-macos-x86_64 | 1.0.1 | 149.00 | OK | |||
r-oldrel-windows-x86_64 | 1.0.1 | 7.00 | 67.00 | 74.00 | OK |
Version: 1.0.1
Check: package dependencies
Result: FAIL
Flavor: r-release-windows-x86_64