Last updated on 2025-02-19 09:50:46 CET.
Flavor | Version | Tinstall | Tcheck | Ttotal | Status | Flags |
---|---|---|---|---|---|---|
r-devel-linux-x86_64-debian-clang | 1.0.777 | 21.25 | 154.30 | 175.55 | OK | |
r-devel-linux-x86_64-debian-gcc | 1.0.777 | 15.45 | 107.56 | 123.01 | OK | |
r-devel-linux-x86_64-fedora-clang | 1.0.777 | 297.53 | OK | |||
r-devel-linux-x86_64-fedora-gcc | 1.0.777 | 254.74 | OK | |||
r-devel-macos-arm64 | 1.0.777 | 80.00 | OK | |||
r-devel-macos-x86_64 | 1.0.777 | 129.00 | OK | |||
r-devel-windows-x86_64 | 1.0.777 | 21.00 | 145.00 | 166.00 | OK | |
r-patched-linux-x86_64 | 1.0.777 | 20.11 | 140.87 | 160.98 | OK | |
r-release-linux-x86_64 | 1.0.777 | 18.37 | 140.37 | 158.74 | OK | |
r-release-macos-arm64 | 1.0.777 | 73.00 | OK | |||
r-release-macos-x86_64 | 1.0.777 | 109.00 | OK | |||
r-release-windows-x86_64 | 1.0.777 | 21.00 | 3.00 | 24.00 | FAIL | |
r-oldrel-macos-arm64 | 1.0.777 | 67.00 | OK | |||
r-oldrel-macos-x86_64 | 1.0.777 | 129.00 | OK | |||
r-oldrel-windows-x86_64 | 1.0.777 | 27.00 | 189.00 | 216.00 | OK |
Version: 1.0.777
Check: package dependencies
Result: FAIL
Flavor: r-release-windows-x86_64