Last updated on 2025-02-19 09:50:46 CET.
Flavor | Version | Tinstall | Tcheck | Ttotal | Status | Flags |
---|---|---|---|---|---|---|
r-devel-linux-x86_64-debian-clang | 3.2.30 | 14.19 | 121.46 | 135.65 | OK | |
r-devel-linux-x86_64-debian-gcc | 3.2.30 | 8.82 | 81.84 | 90.66 | OK | |
r-devel-linux-x86_64-fedora-clang | 3.2.30 | 231.76 | OK | |||
r-devel-linux-x86_64-fedora-gcc | 3.2.30 | 216.82 | OK | |||
r-devel-macos-arm64 | 3.2.30 | 62.00 | OK | |||
r-devel-macos-x86_64 | 3.2.30 | 127.00 | OK | |||
r-devel-windows-x86_64 | 3.2.30 | 17.00 | 168.00 | 185.00 | OK | |
r-patched-linux-x86_64 | 3.2.30 | 15.90 | 112.45 | 128.35 | OK | |
r-release-linux-x86_64 | 3.2.30 | 14.24 | 112.56 | 126.80 | OK | |
r-release-macos-arm64 | 3.2.30 | 60.00 | OK | |||
r-release-macos-x86_64 | 3.2.30 | 84.00 | OK | |||
r-release-windows-x86_64 | 3.2.30 | 17.00 | 3.00 | 20.00 | FAIL | |
r-oldrel-macos-arm64 | 3.2.30 | 68.00 | OK | |||
r-oldrel-macos-x86_64 | 3.2.30 | 99.00 | OK | |||
r-oldrel-windows-x86_64 | 3.2.30 | 21.00 | 180.00 | 201.00 | OK |
Version: 3.2.30
Check: package dependencies
Result: FAIL
Flavor: r-release-windows-x86_64