Last updated on 2025-02-19 09:50:46 CET.
Flavor | Version | Tinstall | Tcheck | Ttotal | Status | Flags |
---|---|---|---|---|---|---|
r-devel-linux-x86_64-debian-clang | 1.4 | 4.75 | 33.95 | 38.70 | OK | |
r-devel-linux-x86_64-debian-gcc | 1.4 | 3.16 | 25.54 | 28.70 | OK | |
r-devel-linux-x86_64-fedora-clang | 1.4 | 60.66 | OK | |||
r-devel-linux-x86_64-fedora-gcc | 1.4 | 57.73 | OK | |||
r-devel-macos-arm64 | 1.4 | 21.00 | OK | |||
r-devel-macos-x86_64 | 1.4 | 37.00 | OK | |||
r-devel-windows-x86_64 | 1.4 | 6.00 | 56.00 | 62.00 | OK | |
r-patched-linux-x86_64 | 1.4 | 4.77 | 32.21 | 36.98 | OK | |
r-release-linux-x86_64 | 1.4 | 4.23 | 32.15 | 36.38 | OK | |
r-release-macos-arm64 | 1.4 | 20.00 | OK | |||
r-release-macos-x86_64 | 1.4 | 30.00 | OK | |||
r-release-windows-x86_64 | 1.4 | 6.00 | 3.00 | 9.00 | FAIL | |
r-oldrel-macos-arm64 | 1.4 | 24.00 | OK | |||
r-oldrel-macos-x86_64 | 1.4 | 51.00 | OK | |||
r-oldrel-windows-x86_64 | 1.4 | 7.00 | 65.00 | 72.00 | OK |
Version: 1.4
Check: package dependencies
Result: FAIL
Flavor: r-release-windows-x86_64