CRAN Package Check Results for Package cymruservices

Last updated on 2025-02-19 09:50:46 CET.

Flavor Version Tinstall Tcheck Ttotal Status Flags
r-devel-linux-x86_64-debian-clang 0.5.0 3.05 27.20 30.25 OK
r-devel-linux-x86_64-debian-gcc 0.5.0 2.06 21.06 23.12 OK
r-devel-linux-x86_64-fedora-clang 0.5.0 47.10 OK
r-devel-linux-x86_64-fedora-gcc 0.5.0 44.50 OK
r-devel-macos-arm64 0.5.0 44.00 OK
r-devel-macos-x86_64 0.5.0 43.00 OK
r-devel-windows-x86_64 0.5.0 4.00 113.00 117.00 OK
r-patched-linux-x86_64 0.5.0 2.74 26.21 28.95 OK
r-release-linux-x86_64 0.5.0 2.11 25.94 28.05 OK
r-release-macos-arm64 0.5.0 35.00 OK
r-release-macos-x86_64 0.5.0 47.00 OK
r-release-windows-x86_64 0.5.0 4.00 3.00 7.00 FAIL
r-oldrel-macos-arm64 0.5.0 28.00 OK
r-oldrel-macos-x86_64 0.5.0 34.00 OK
r-oldrel-windows-x86_64 0.5.0 5.00 78.00 83.00 OK

Check Details

Version: 0.5.0
Check: package dependencies
Result: FAIL
Flavor: r-release-windows-x86_64