Last updated on 2025-02-16 09:50:36 CET.
Flavor | Version | Tinstall | Tcheck | Ttotal | Status | Flags |
---|---|---|---|---|---|---|
r-devel-linux-x86_64-debian-clang | 1.0.42 | 5.54 | 47.02 | 52.56 | OK | |
r-devel-linux-x86_64-debian-gcc | 1.0.42 | 4.39 | 35.70 | 40.09 | OK | |
r-devel-linux-x86_64-fedora-clang | 1.0.42 | 85.07 | OK | |||
r-devel-linux-x86_64-fedora-gcc | 1.0.42 | 101.08 | OK | |||
r-devel-macos-arm64 | 1.0.42 | 32.00 | OK | |||
r-devel-macos-x86_64 | 1.0.42 | 52.00 | OK | |||
r-devel-windows-x86_64 | 1.0.42 | 9.00 | 68.00 | 77.00 | OK | |
r-patched-linux-x86_64 | 1.0.42 | 5.28 | 44.16 | 49.44 | OK | |
r-release-linux-x86_64 | 1.0.42 | 5.34 | 43.87 | 49.21 | OK | |
r-release-macos-arm64 | 1.0.42 | 34.00 | NOTE | |||
r-release-macos-x86_64 | 1.0.42 | 51.00 | NOTE | |||
r-release-windows-x86_64 | 1.0.42 | 9.00 | 67.00 | 76.00 | NOTE | |
r-oldrel-macos-arm64 | 1.0.42 | 37.00 | NOTE | |||
r-oldrel-macos-x86_64 | 1.0.42 | 46.00 | NOTE | |||
r-oldrel-windows-x86_64 | 1.0.42 | 10.00 | 80.00 | 90.00 | NOTE |
Version: 1.0.42
Check: installed package size
Result: NOTE
installed size is 5.8Mb
sub-directories of 1Mb or more:
docs 1.0Mb
extdata 1.3Mb
htmlwidgets 1.4Mb
Flavors: r-release-macos-arm64, r-release-macos-x86_64, r-release-windows-x86_64, r-oldrel-macos-arm64, r-oldrel-macos-x86_64, r-oldrel-windows-x86_64