Last updated on 2025-02-19 09:50:45 CET.
Flavor | Version | Tinstall | Tcheck | Ttotal | Status | Flags |
---|---|---|---|---|---|---|
r-devel-linux-x86_64-debian-clang | 0.1.5 | 2.92 | 32.58 | 35.50 | OK | |
r-devel-linux-x86_64-debian-gcc | 0.1.5 | 2.28 | 24.24 | 26.52 | OK | |
r-devel-linux-x86_64-fedora-clang | 0.1.5 | 54.39 | OK | |||
r-devel-linux-x86_64-fedora-gcc | 0.1.5 | 50.91 | OK | |||
r-devel-macos-arm64 | 0.1.5 | 26.00 | OK | |||
r-devel-macos-x86_64 | 0.1.5 | 40.00 | OK | |||
r-devel-windows-x86_64 | 0.1.5 | 6.00 | 57.00 | 63.00 | OK | |
r-patched-linux-x86_64 | 0.1.5 | 2.41 | 30.94 | 33.35 | OK | |
r-release-linux-x86_64 | 0.1.5 | 2.38 | 30.43 | 32.81 | OK | |
r-release-macos-arm64 | 0.1.5 | 25.00 | OK | |||
r-release-macos-x86_64 | 0.1.5 | 37.00 | OK | |||
r-release-windows-x86_64 | 0.1.5 | 5.00 | 3.00 | 8.00 | FAIL | |
r-oldrel-macos-arm64 | 0.1.5 | 31.00 | OK | |||
r-oldrel-macos-x86_64 | 0.1.5 | 55.00 | OK | |||
r-oldrel-windows-x86_64 | 0.1.5 | 6.00 | 57.00 | 63.00 | OK |
Version: 0.1.5
Check: package dependencies
Result: FAIL
Flavor: r-release-windows-x86_64