Last updated on 2025-05-14 09:49:33 CEST.
Flavor | Version | Tinstall | Tcheck | Ttotal | Status | Flags |
---|---|---|---|---|---|---|
r-devel-linux-x86_64-debian-clang | 1.0.0 | 3.59 | 36.08 | 39.67 | NOTE | |
r-devel-linux-x86_64-debian-gcc | 1.0.0 | 3.19 | 27.09 | 30.28 | NOTE | |
r-devel-linux-x86_64-fedora-clang | 1.0.0 | 68.32 | OK | |||
r-devel-linux-x86_64-fedora-gcc | 1.0.0 | 65.19 | OK | |||
r-devel-windows-x86_64 | 1.0.0 | 5.00 | 50.00 | 55.00 | OK | |
r-patched-linux-x86_64 | 1.0.0 | 4.25 | 34.41 | 38.66 | OK | |
r-release-linux-x86_64 | 1.0.0 | 4.07 | 34.34 | 38.41 | OK | |
r-release-macos-arm64 | 1.0.0 | 22.00 | OK | |||
r-release-macos-x86_64 | 1.0.0 | 35.00 | OK | |||
r-release-windows-x86_64 | 1.0.0 | 5.00 | 51.00 | 56.00 | OK | |
r-oldrel-macos-arm64 | 1.0.0 | 21.00 | OK | |||
r-oldrel-macos-x86_64 | 1.0.0 | 30.00 | OK | |||
r-oldrel-windows-x86_64 | 1.0.0 | 6.00 | 59.00 | 65.00 | OK |
Version: 1.0.0
Check: CRAN incoming feasibility
Result: NOTE
Maintainer: ‘Paul Kabaila <p.kabaila@latrobe.edu.au>’
The Description field contains
Kabaila (2022) <arXiv:2211.04729>.
Please refer to arXiv e-prints via their arXiv DOI <doi:10.48550/arXiv.YYMM.NNNNN>.
Flavors: r-devel-linux-x86_64-debian-clang, r-devel-linux-x86_64-debian-gcc