Last updated on 2025-02-16 09:50:36 CET.
Flavor | Version | Tinstall | Tcheck | Ttotal | Status | Flags |
---|---|---|---|---|---|---|
r-devel-linux-x86_64-debian-clang | 0.1.0 | 6.80 | 54.24 | 61.04 | NOTE | |
r-devel-linux-x86_64-debian-gcc | 0.1.0 | 5.13 | 42.02 | 47.15 | NOTE | |
r-devel-linux-x86_64-fedora-clang | 0.1.0 | 100.14 | NOTE | |||
r-devel-linux-x86_64-fedora-gcc | 0.1.0 | 100.66 | NOTE | |||
r-devel-macos-arm64 | 0.1.0 | 31.00 | OK | |||
r-devel-macos-x86_64 | 0.1.0 | 58.00 | OK | |||
r-devel-windows-x86_64 | 0.1.0 | 7.00 | 65.00 | 72.00 | OK | |
r-patched-linux-x86_64 | 0.1.0 | 6.61 | 51.23 | 57.84 | NOTE | |
r-release-linux-x86_64 | 0.1.0 | 6.52 | 50.62 | 57.14 | NOTE | |
r-release-macos-arm64 | 0.1.0 | 30.00 | NOTE | |||
r-release-macos-x86_64 | 0.1.0 | 44.00 | NOTE | |||
r-release-windows-x86_64 | 0.1.0 | 7.00 | 69.00 | 76.00 | NOTE | |
r-oldrel-macos-arm64 | 0.1.0 | 33.00 | NOTE | |||
r-oldrel-macos-x86_64 | 0.1.0 | 53.00 | NOTE | |||
r-oldrel-windows-x86_64 | 0.1.0 | 10.00 | 84.00 | 94.00 | NOTE |
Version: 0.1.0
Check: for non-standard things in the check directory
Result: NOTE
Found the following files/directories:
‘Adjusted_p_values.pdf’ ‘Effect_Size_Curves.pdf’
‘Mean_Difference_Curves.pdf’
Flavors: r-devel-linux-x86_64-debian-clang, r-devel-linux-x86_64-debian-gcc, r-devel-linux-x86_64-fedora-clang, r-devel-linux-x86_64-fedora-gcc, r-patched-linux-x86_64, r-release-linux-x86_64
Version: 0.1.0
Check: LazyData
Result: NOTE
'LazyData' is specified without a 'data' directory
Flavors: r-patched-linux-x86_64, r-release-linux-x86_64, r-release-macos-arm64, r-release-macos-x86_64, r-release-windows-x86_64, r-oldrel-macos-arm64, r-oldrel-macos-x86_64, r-oldrel-windows-x86_64