Last updated on 2025-02-19 09:50:45 CET.
Flavor | Version | Tinstall | Tcheck | Ttotal | Status | Flags |
---|---|---|---|---|---|---|
r-devel-linux-x86_64-debian-clang | 0.2.6 | 10.79 | 83.85 | 94.64 | OK | |
r-devel-linux-x86_64-debian-gcc | 0.2.6 | 7.07 | 53.02 | 60.09 | OK | |
r-devel-linux-x86_64-fedora-clang | 0.2.6 | 148.98 | OK | |||
r-devel-linux-x86_64-fedora-gcc | 0.2.6 | 136.77 | OK | |||
r-devel-macos-arm64 | 0.2.6 | 34.00 | OK | |||
r-devel-macos-x86_64 | 0.2.6 | 83.00 | OK | |||
r-devel-windows-x86_64 | 0.2.6 | 13.00 | 86.00 | 99.00 | OK | |
r-patched-linux-x86_64 | 0.2.6 | 10.71 | 75.44 | 86.15 | OK | |
r-release-linux-x86_64 | 0.2.6 | 8.60 | 75.85 | 84.45 | OK | |
r-release-macos-arm64 | 0.2.6 | 40.00 | OK | |||
r-release-macos-x86_64 | 0.2.6 | 59.00 | OK | |||
r-release-windows-x86_64 | 0.2.6 | 13.00 | 3.00 | 16.00 | FAIL | |
r-oldrel-macos-arm64 | 0.2.6 | 43.00 | OK | |||
r-oldrel-macos-x86_64 | 0.2.6 | 90.00 | OK | |||
r-oldrel-windows-x86_64 | 0.2.6 | 16.00 | 109.00 | 125.00 | OK |
Version: 0.2.6
Check: package dependencies
Result: FAIL
Flavor: r-release-windows-x86_64