Last updated on 2025-02-19 09:50:45 CET.
Flavor | Version | Tinstall | Tcheck | Ttotal | Status | Flags |
---|---|---|---|---|---|---|
r-devel-linux-x86_64-debian-clang | 0.1.4 | 2.25 | 17.39 | 19.64 | OK | |
r-devel-linux-x86_64-debian-gcc | 0.1.4 | 1.85 | 14.64 | 16.49 | OK | |
r-devel-linux-x86_64-fedora-clang | 0.1.4 | 32.86 | OK | |||
r-devel-linux-x86_64-fedora-gcc | 0.1.4 | 30.53 | OK | |||
r-devel-macos-arm64 | 0.1.4 | 18.00 | OK | |||
r-devel-macos-x86_64 | 0.1.4 | 25.00 | OK | |||
r-devel-windows-x86_64 | 0.1.4 | 5.00 | 44.00 | 49.00 | OK | |
r-patched-linux-x86_64 | 0.1.4 | 2.06 | 16.78 | 18.84 | OK | |
r-release-linux-x86_64 | 0.1.4 | 1.88 | 16.71 | 18.59 | OK | |
r-release-macos-arm64 | 0.1.4 | 16.00 | OK | |||
r-release-macos-x86_64 | 0.1.4 | 26.00 | OK | |||
r-release-windows-x86_64 | 0.1.4 | 5.00 | 3.00 | 8.00 | FAIL | |
r-oldrel-macos-arm64 | 0.1.4 | 21.00 | OK | |||
r-oldrel-macos-x86_64 | 0.1.4 | 32.00 | OK | |||
r-oldrel-windows-x86_64 | 0.1.4 | 7.00 | 43.00 | 50.00 | OK |
Version: 0.1.4
Check: package dependencies
Result: FAIL
Flavor: r-release-windows-x86_64