Last updated on 2025-02-19 09:50:45 CET.
Flavor | Version | Tinstall | Tcheck | Ttotal | Status | Flags |
---|---|---|---|---|---|---|
r-devel-linux-x86_64-debian-clang | 1.0.3 | 26.12 | 198.79 | 224.91 | OK | |
r-devel-linux-x86_64-debian-gcc | 1.0.3 | 15.41 | 120.93 | 136.34 | OK | |
r-devel-linux-x86_64-fedora-clang | 1.0.3 | 366.58 | OK | |||
r-devel-linux-x86_64-fedora-gcc | 1.0.3 | 336.93 | OK | |||
r-devel-macos-arm64 | 1.0.3 | 75.00 | OK | |||
r-devel-macos-x86_64 | 1.0.3 | 178.00 | OK | |||
r-devel-windows-x86_64 | 1.0.3 | 22.00 | 162.00 | 184.00 | OK | |
r-patched-linux-x86_64 | 1.0.3 | 24.18 | 183.05 | 207.23 | OK | |
r-release-linux-x86_64 | 1.0.3 | 25.71 | 181.92 | 207.63 | OK | |
r-release-macos-arm64 | 1.0.3 | 75.00 | OK | |||
r-release-macos-x86_64 | 1.0.3 | 121.00 | OK | |||
r-release-windows-x86_64 | 1.0.3 | 22.00 | 3.00 | 25.00 | FAIL | |
r-oldrel-macos-arm64 | 1.0.3 | 77.00 | OK | |||
r-oldrel-macos-x86_64 | 1.0.3 | 170.00 | OK | |||
r-oldrel-windows-x86_64 | 1.0.3 | 31.00 | 232.00 | 263.00 | OK |
Version: 1.0.3
Check: package dependencies
Result: FAIL
Flavor: r-release-windows-x86_64