Last updated on 2025-02-20 09:50:46 CET.
Flavor | Version | Tinstall | Tcheck | Ttotal | Status | Flags |
---|---|---|---|---|---|---|
r-devel-linux-x86_64-debian-clang | 0.9.3 | 16.77 | 118.52 | 135.29 | OK | |
r-devel-linux-x86_64-debian-gcc | 0.9.3 | 10.44 | 84.80 | 95.24 | OK | |
r-devel-linux-x86_64-fedora-clang | 0.9.3 | 206.99 | OK | |||
r-devel-linux-x86_64-fedora-gcc | 0.9.3 | 192.78 | OK | |||
r-devel-macos-arm64 | 0.9.3 | 66.00 | OK | |||
r-devel-macos-x86_64 | 0.9.3 | 132.00 | OK | |||
r-devel-windows-x86_64 | 0.9.3 | 15.00 | 163.00 | 178.00 | OK | |
r-patched-linux-x86_64 | 0.9.3 | 14.63 | 107.06 | 121.69 | OK | |
r-release-linux-x86_64 | 0.9.3 | 13.12 | 107.37 | 120.49 | OK | |
r-release-macos-arm64 | 0.9.3 | 60.00 | OK | |||
r-release-macos-x86_64 | 0.9.3 | 98.00 | OK | |||
r-release-windows-x86_64 | 0.9.3 | 15.00 | 3.00 | 18.00 | FAIL | |
r-oldrel-macos-arm64 | 0.9.3 | 58.00 | OK | |||
r-oldrel-macos-x86_64 | 0.9.3 | 125.00 | OK | |||
r-oldrel-windows-x86_64 | 0.9.3 | 22.00 | 165.00 | 187.00 | OK |
Version: 0.9.3
Check: package dependencies
Result: FAIL
Flavor: r-release-windows-x86_64