Last updated on 2025-02-19 09:50:45 CET.
Flavor | Version | Tinstall | Tcheck | Ttotal | Status | Flags |
---|---|---|---|---|---|---|
r-devel-linux-x86_64-debian-clang | 0.0.3 | 3.47 | 34.46 | 37.93 | NOTE | |
r-devel-linux-x86_64-debian-gcc | 0.0.3 | 2.02 | 26.19 | 28.21 | NOTE | |
r-devel-linux-x86_64-fedora-clang | 0.0.3 | 59.80 | NOTE | |||
r-devel-linux-x86_64-fedora-gcc | 0.0.3 | 56.08 | NOTE | |||
r-devel-macos-arm64 | 0.0.3 | 22.00 | OK | |||
r-devel-macos-x86_64 | 0.0.3 | 37.00 | NOTE | |||
r-devel-windows-x86_64 | 0.0.3 | 5.00 | 54.00 | 59.00 | NOTE | |
r-patched-linux-x86_64 | 0.0.3 | 3.55 | 31.99 | 35.54 | OK | |
r-release-linux-x86_64 | 0.0.3 | 3.08 | 32.73 | 35.81 | OK | |
r-release-macos-arm64 | 0.0.3 | 25.00 | OK | |||
r-release-macos-x86_64 | 0.0.3 | 32.00 | OK | |||
r-release-windows-x86_64 | 0.0.3 | 5.00 | 3.00 | 8.00 | FAIL | |
r-oldrel-macos-arm64 | 0.0.3 | 29.00 | OK | |||
r-oldrel-macos-x86_64 | 0.0.3 | 47.00 | OK | |||
r-oldrel-windows-x86_64 | 0.0.3 | 6.00 | 59.00 | 65.00 | OK |
Version: 0.0.3
Check: DESCRIPTION meta-information
Result: NOTE
Missing dependency on R >= 4.1.0 because package code uses the pipe
|> or function shorthand \(...) syntax added in R 4.1.0.
File(s) using such syntax:
‘pick_colors.R’
Flavors: r-devel-linux-x86_64-debian-clang, r-devel-linux-x86_64-debian-gcc, r-devel-linux-x86_64-fedora-clang, r-devel-linux-x86_64-fedora-gcc, r-devel-macos-x86_64, r-devel-windows-x86_64
Version: 0.0.3
Check: package dependencies
Result: FAIL
Flavor: r-release-windows-x86_64