Last updated on 2025-02-19 09:50:45 CET.
Flavor | Version | Tinstall | Tcheck | Ttotal | Status | Flags |
---|---|---|---|---|---|---|
r-devel-linux-x86_64-debian-clang | 3.1 | 79.50 | 33.56 | 113.06 | NOTE | |
r-devel-linux-x86_64-debian-gcc | 3.1 | 63.17 | 25.26 | 88.43 | NOTE | |
r-devel-linux-x86_64-fedora-clang | 3.1 | 232.14 | NOTE | |||
r-devel-linux-x86_64-fedora-gcc | 3.1 | 237.73 | NOTE | |||
r-devel-macos-arm64 | 3.1 | 57.00 | NOTE | |||
r-devel-macos-x86_64 | 3.1 | 130.00 | NOTE | |||
r-devel-windows-x86_64 | 3.1 | 106.00 | 84.00 | 190.00 | NOTE | |
r-patched-linux-x86_64 | 3.1 | 86.44 | 31.99 | 118.43 | NOTE | |
r-release-linux-x86_64 | 3.1 | 85.84 | 31.93 | 117.77 | NOTE | |
r-release-macos-arm64 | 3.1 | 38.00 | NOTE | |||
r-release-macos-x86_64 | 3.1 | 50.00 | NOTE | |||
r-release-windows-x86_64 | 3.1 | 107.00 | 91.00 | 198.00 | NOTE | |
r-oldrel-macos-arm64 | 3.1 | 80.00 | NOTE | |||
r-oldrel-macos-x86_64 | 3.1 | 165.00 | NOTE | |||
r-oldrel-windows-x86_64 | 3.1 | 113.00 | 91.00 | 204.00 | NOTE |
Version: 3.1
Check: C++ specification
Result: NOTE
Specified C++11: please drop specification unless essential
Flavors: r-devel-linux-x86_64-debian-clang, r-devel-linux-x86_64-debian-gcc, r-devel-linux-x86_64-fedora-clang, r-devel-linux-x86_64-fedora-gcc, r-devel-macos-arm64, r-devel-macos-x86_64, r-devel-windows-x86_64, r-patched-linux-x86_64, r-release-linux-x86_64, r-release-macos-arm64, r-release-macos-x86_64, r-release-windows-x86_64, r-oldrel-macos-arm64, r-oldrel-macos-x86_64, r-oldrel-windows-x86_64
Version: 3.1
Check: dependencies in R code
Result: NOTE
Namespace in Imports field not imported from: ‘RcppProgress’
All declared Imports should be used.
Flavors: r-devel-linux-x86_64-fedora-clang, r-devel-linux-x86_64-fedora-gcc
Version: 3.1
Check: for GNU extensions in Makefiles
Result: NOTE
GNU make is a SystemRequirements.
Flavors: r-patched-linux-x86_64, r-release-linux-x86_64, r-release-macos-arm64, r-release-macos-x86_64, r-release-windows-x86_64, r-oldrel-macos-arm64, r-oldrel-macos-x86_64, r-oldrel-windows-x86_64
Version: 3.1
Check: installed package size
Result: NOTE
installed size is 7.1Mb
sub-directories of 1Mb or more:
libs 6.9Mb
Flavors: r-release-macos-arm64, r-release-macos-x86_64, r-oldrel-macos-arm64, r-oldrel-macos-x86_64