Last updated on 2025-02-19 09:50:45 CET.
Flavor | Version | Tinstall | Tcheck | Ttotal | Status | Flags |
---|---|---|---|---|---|---|
r-devel-linux-x86_64-debian-clang | 0.1.2 | 8.98 | 97.65 | 106.63 | OK | |
r-devel-linux-x86_64-debian-gcc | 0.1.2 | 6.91 | 70.57 | 77.48 | OK | |
r-devel-linux-x86_64-fedora-clang | 0.1.2 | 173.58 | OK | |||
r-devel-linux-x86_64-fedora-gcc | 0.1.2 | 161.18 | OK | |||
r-devel-macos-arm64 | 0.1.2 | 50.00 | OK | |||
r-devel-macos-x86_64 | 0.1.2 | 98.00 | OK | |||
r-devel-windows-x86_64 | 0.1.2 | 10.00 | 118.00 | 128.00 | OK | |
r-patched-linux-x86_64 | 0.1.2 | 8.69 | 91.62 | 100.31 | OK | |
r-release-linux-x86_64 | 0.1.2 | 8.98 | 92.50 | 101.48 | OK | |
r-release-macos-arm64 | 0.1.2 | 48.00 | OK | |||
r-release-macos-x86_64 | 0.1.2 | 74.00 | OK | |||
r-release-windows-x86_64 | 0.1.2 | 11.00 | 3.00 | 14.00 | FAIL | |
r-oldrel-macos-arm64 | 0.1.2 | 58.00 | OK | |||
r-oldrel-macos-x86_64 | 0.1.2 | 98.00 | OK | |||
r-oldrel-windows-x86_64 | 0.1.2 | 14.00 | 132.00 | 146.00 | OK |
Version: 0.1.2
Check: package dependencies
Result: FAIL
Flavor: r-release-windows-x86_64