CRAN Package Check Results for Package convertid

Last updated on 2025-04-16 09:52:56 CEST.

Flavor Version Tinstall Tcheck Ttotal Status Flags
r-devel-linux-x86_64-debian-clang 0.1.10 20.47 187.31 207.78 OK
r-devel-linux-x86_64-debian-gcc 0.1.10 14.93 130.42 145.35 OK
r-devel-linux-x86_64-fedora-clang 0.1.10 327.00 OK
r-devel-linux-x86_64-fedora-gcc 0.1.10 313.06 OK
r-devel-windows-x86_64 0.1.10 21.00 161.00 182.00 OK
r-patched-linux-x86_64 0.1.10 20.21 176.18 196.39 OK
r-release-linux-x86_64 0.1.10 20.29 174.83 195.12 OK
r-release-macos-arm64 0.1.10 5.00 ERROR
r-release-macos-x86_64 0.1.10 6.00 ERROR
r-release-windows-x86_64 0.1.10 23.00 156.00 179.00 OK
r-oldrel-macos-arm64 0.1.10 9.00 ERROR
r-oldrel-macos-x86_64 0.1.10 208.00 OK
r-oldrel-windows-x86_64 0.1.10 29.00 215.00 244.00 OK

Check Details

Version: 0.1.10
Check: package dependencies
Result: ERROR Packages required but not available: 'org.Hs.eg.db', 'org.Mm.eg.db' See section ‘The DESCRIPTION file’ in the ‘Writing R Extensions’ manual. Flavor: r-release-macos-arm64

Version: 0.1.10
Check: package dependencies
Result: ERROR Package required but not available: ‘org.Mm.eg.db’ See section ‘The DESCRIPTION file’ in the ‘Writing R Extensions’ manual. Flavors: r-release-macos-x86_64, r-oldrel-macos-arm64