Last updated on 2025-02-19 09:50:45 CET.
Flavor | Version | Tinstall | Tcheck | Ttotal | Status | Flags |
---|---|---|---|---|---|---|
r-devel-linux-x86_64-debian-clang | 3.0.1 | 13.49 | 160.68 | 174.17 | OK | |
r-devel-linux-x86_64-debian-gcc | 3.0.1 | 9.46 | 97.00 | 106.46 | OK | |
r-devel-linux-x86_64-fedora-clang | 3.0.1 | 307.62 | OK | |||
r-devel-linux-x86_64-fedora-gcc | 3.0.1 | 275.26 | OK | |||
r-devel-macos-arm64 | 3.0.1 | 78.00 | OK | |||
r-devel-macos-x86_64 | 3.0.1 | 175.00 | OK | |||
r-devel-windows-x86_64 | 3.0.1 | 14.00 | 215.00 | 229.00 | OK | |
r-patched-linux-x86_64 | 3.0.1 | 16.76 | 149.18 | 165.94 | OK | |
r-release-linux-x86_64 | 3.0.1 | 15.05 | 150.89 | 165.94 | OK | |
r-release-macos-arm64 | 3.0.1 | 73.00 | OK | |||
r-release-macos-x86_64 | 3.0.1 | 258.00 | OK | |||
r-release-windows-x86_64 | 3.0.1 | 15.00 | 3.00 | 18.00 | FAIL | |
r-oldrel-macos-arm64 | 3.0.1 | 82.00 | OK | |||
r-oldrel-macos-x86_64 | 3.0.1 | 207.00 | OK | |||
r-oldrel-windows-x86_64 | 3.0.1 | 14.00 | 233.00 | 247.00 | OK |
Version: 3.0.1
Check: package dependencies
Result: FAIL
Flavor: r-release-windows-x86_64