Last updated on 2025-02-16 09:50:36 CET.
Flavor | Version | Tinstall | Tcheck | Ttotal | Status | Flags |
---|---|---|---|---|---|---|
r-devel-linux-x86_64-debian-clang | 0.1.0 | 3.53 | 29.62 | 33.15 | OK | |
r-devel-linux-x86_64-debian-gcc | 0.1.0 | 2.66 | 23.03 | 25.69 | OK | |
r-devel-linux-x86_64-fedora-clang | 0.1.0 | 57.73 | NOTE | |||
r-devel-linux-x86_64-fedora-gcc | 0.1.0 | 52.05 | NOTE | |||
r-devel-macos-arm64 | 0.1.0 | 23.00 | OK | |||
r-devel-macos-x86_64 | 0.1.0 | 45.00 | OK | |||
r-devel-windows-x86_64 | 0.1.0 | 5.00 | 57.00 | 62.00 | OK | |
r-patched-linux-x86_64 | 0.1.0 | 3.50 | 28.18 | 31.68 | OK | |
r-release-linux-x86_64 | 0.1.0 | 3.29 | 27.86 | 31.15 | OK | |
r-release-macos-arm64 | 0.1.0 | 22.00 | OK | |||
r-release-macos-x86_64 | 0.1.0 | 30.00 | OK | |||
r-release-windows-x86_64 | 0.1.0 | 5.00 | 58.00 | 63.00 | OK | |
r-oldrel-macos-arm64 | 0.1.0 | 22.00 | OK | |||
r-oldrel-macos-x86_64 | 0.1.0 | 28.00 | OK | |||
r-oldrel-windows-x86_64 | 0.1.0 | 8.00 | 94.00 | 102.00 | OK |
Version: 0.1.0
Check: dependencies in R code
Result: NOTE
Namespaces in Imports field not imported from:
‘DT’ ‘Hmisc’ ‘dplyr’ ‘foreign’ ‘lavaan’ ‘openxlsx’ ‘purrr’ ‘semTools’
‘shinyWidgets’ ‘stringr’ ‘summarytools’ ‘waiter’
All declared Imports should be used.
Flavors: r-devel-linux-x86_64-fedora-clang, r-devel-linux-x86_64-fedora-gcc