CRAN Package Check Results for Package conjoint

Last updated on 2025-02-16 09:50:36 CET.

Flavor Version Tinstall Tcheck Ttotal Status Flags
r-devel-linux-x86_64-debian-clang 1.41 9.68 108.67 118.35 NOTE
r-devel-linux-x86_64-debian-gcc 1.41 6.82 73.08 79.90 NOTE
r-devel-linux-x86_64-fedora-clang 1.41 203.21 NOTE
r-devel-linux-x86_64-fedora-gcc 1.41 186.24 NOTE
r-devel-macos-arm64 1.41 48.00 OK
r-devel-macos-x86_64 1.41 111.00 OK
r-devel-windows-x86_64 1.41 11.00 125.00 136.00 OK
r-patched-linux-x86_64 1.41 10.63 100.95 111.58 NOTE
r-release-linux-x86_64 1.41 10.01 101.23 111.24 NOTE
r-release-macos-arm64 1.41 57.00 OK
r-release-macos-x86_64 1.41 78.00 OK
r-release-windows-x86_64 1.41 11.00 125.00 136.00 OK
r-oldrel-macos-arm64 1.41 53.00 OK
r-oldrel-macos-x86_64 1.41 84.00 OK
r-oldrel-windows-x86_64 1.41 15.00 148.00 163.00 OK

Check Details

Version: 1.41
Check: for non-standard things in the check directory
Result: NOTE Found the following files/directories: ‘design_names.csv’ ‘design_numbers.csv’ ‘encoded_orthogonal_factorial_design.csv’ ‘orthogonal_factorial_design.csv’ Flavors: r-devel-linux-x86_64-debian-clang, r-devel-linux-x86_64-debian-gcc, r-devel-linux-x86_64-fedora-clang, r-devel-linux-x86_64-fedora-gcc, r-patched-linux-x86_64, r-release-linux-x86_64