CRAN Package Check Results for Package confinterpret

Last updated on 2025-02-16 09:50:36 CET.

Flavor Version Tinstall Tcheck Ttotal Status Flags
r-devel-linux-x86_64-debian-clang 1.0.0 2.36 24.12 26.48 OK
r-devel-linux-x86_64-debian-gcc 1.0.0 1.94 19.02 20.96 OK
r-devel-linux-x86_64-fedora-clang 1.0.0 45.15 OK
r-devel-linux-x86_64-fedora-gcc 1.0.0 41.81 OK
r-devel-macos-arm64 1.0.0 17.00 OK
r-devel-macos-x86_64 1.0.0 29.00 OK
r-devel-windows-x86_64 1.0.0 3.00 54.00 57.00 OK
r-patched-linux-x86_64 1.0.0 2.79 22.93 25.72 NOTE
r-release-linux-x86_64 1.0.0 2.05 22.88 24.93 NOTE
r-release-macos-arm64 1.0.0 22.00 NOTE
r-release-macos-x86_64 1.0.0 25.00 NOTE
r-release-windows-x86_64 1.0.0 3.00 57.00 60.00 NOTE
r-oldrel-macos-arm64 1.0.0 18.00 NOTE
r-oldrel-macos-x86_64 1.0.0 24.00 NOTE
r-oldrel-windows-x86_64 1.0.0 3.00 77.00 80.00 NOTE

Check Details

Version: 1.0.0
Check: LazyData
Result: NOTE 'LazyData' is specified without a 'data' directory Flavors: r-patched-linux-x86_64, r-release-linux-x86_64, r-release-macos-arm64, r-release-macos-x86_64, r-release-windows-x86_64, r-oldrel-macos-arm64, r-oldrel-macos-x86_64, r-oldrel-windows-x86_64