Last updated on 2025-02-19 09:50:45 CET.
Flavor | Version | Tinstall | Tcheck | Ttotal | Status | Flags |
---|---|---|---|---|---|---|
r-devel-linux-x86_64-debian-clang | 1.0.1 | 5.13 | 39.12 | 44.25 | OK | |
r-devel-linux-x86_64-debian-gcc | 1.0.1 | 3.50 | 27.67 | 31.17 | OK | |
r-devel-linux-x86_64-fedora-clang | 1.0.1 | 70.76 | OK | |||
r-devel-linux-x86_64-fedora-gcc | 1.0.1 | 63.86 | OK | |||
r-devel-macos-arm64 | 1.0.1 | 23.00 | OK | |||
r-devel-macos-x86_64 | 1.0.1 | 41.00 | OK | |||
r-devel-windows-x86_64 | 1.0.1 | 6.00 | 60.00 | 66.00 | OK | |
r-patched-linux-x86_64 | 1.0.1 | 4.51 | 35.69 | 40.20 | OK | |
r-release-linux-x86_64 | 1.0.1 | 4.84 | 35.74 | 40.58 | OK | |
r-release-macos-arm64 | 1.0.1 | 21.00 | OK | |||
r-release-macos-x86_64 | 1.0.1 | 34.00 | OK | |||
r-release-windows-x86_64 | 1.0.1 | 6.00 | 3.00 | 9.00 | FAIL | |
r-oldrel-macos-arm64 | 1.0.1 | 24.00 | OK | |||
r-oldrel-macos-x86_64 | 1.0.1 | 36.00 | OK | |||
r-oldrel-windows-x86_64 | 1.0.1 | 8.00 | 55.00 | 63.00 | OK |
Version: 1.0.1
Check: package dependencies
Result: FAIL
Flavor: r-release-windows-x86_64