Last updated on 2025-02-19 09:50:45 CET.
Flavor | Version | Tinstall | Tcheck | Ttotal | Status | Flags |
---|---|---|---|---|---|---|
r-devel-linux-x86_64-debian-clang | 3.0.0 | 2.31 | 20.71 | 23.02 | OK | |
r-devel-linux-x86_64-debian-gcc | 3.0.0 | 1.53 | 16.31 | 17.84 | OK | |
r-devel-linux-x86_64-fedora-clang | 3.0.0 | 36.69 | OK | |||
r-devel-linux-x86_64-fedora-gcc | 3.0.0 | 35.38 | OK | |||
r-devel-macos-arm64 | 3.0.0 | 19.00 | OK | |||
r-devel-macos-x86_64 | 3.0.0 | 30.00 | OK | |||
r-devel-windows-x86_64 | 3.0.0 | 4.00 | 56.00 | 60.00 | OK | |
r-patched-linux-x86_64 | 3.0.0 | 2.65 | 19.94 | 22.59 | OK | |
r-release-linux-x86_64 | 3.0.0 | 2.26 | 19.56 | 21.82 | OK | |
r-release-macos-arm64 | 3.0.0 | 193.00 | OK | |||
r-release-macos-x86_64 | 3.0.0 | 203.00 | OK | |||
r-release-windows-x86_64 | 3.0.0 | 5.00 | 3.00 | 8.00 | FAIL | |
r-oldrel-macos-arm64 | 3.0.0 | 197.00 | OK | |||
r-oldrel-macos-x86_64 | 3.0.0 | 216.00 | OK | |||
r-oldrel-windows-x86_64 | 3.0.0 | 4.00 | 48.00 | 52.00 | OK |
Version: 3.0.0
Check: package dependencies
Result: FAIL
Flavor: r-release-windows-x86_64