Last updated on 2025-02-16 09:50:36 CET.
Flavor | Version | Tinstall | Tcheck | Ttotal | Status | Flags |
---|---|---|---|---|---|---|
r-devel-linux-x86_64-debian-clang | 0.6.10 | 1.82 | 21.65 | 23.47 | OK | |
r-devel-linux-x86_64-debian-gcc | 0.6.10 | 1.29 | 17.69 | 18.98 | OK | |
r-devel-linux-x86_64-fedora-clang | 0.6.10 | 40.61 | OK | |||
r-devel-linux-x86_64-fedora-gcc | 0.6.10 | 50.71 | OK | |||
r-devel-macos-arm64 | 0.6.10 | 23.00 | OK | |||
r-devel-macos-x86_64 | 0.6.10 | 39.00 | OK | |||
r-devel-windows-x86_64 | 0.6.10 | 4.00 | 44.00 | 48.00 | OK | |
r-patched-linux-x86_64 | 0.6.10 | 1.77 | 20.48 | 22.25 | NOTE | |
r-release-linux-x86_64 | 0.6.10 | 1.55 | 20.58 | 22.13 | NOTE | |
r-release-macos-arm64 | 0.6.10 | 27.00 | NOTE | |||
r-release-macos-x86_64 | 0.6.10 | 33.00 | NOTE | |||
r-release-windows-x86_64 | 0.6.10 | 2.00 | 45.00 | 47.00 | NOTE | |
r-oldrel-macos-arm64 | 0.6.10 | 23.00 | NOTE | |||
r-oldrel-macos-x86_64 | 0.6.10 | 29.00 | NOTE | |||
r-oldrel-windows-x86_64 | 0.6.10 | 3.00 | 44.00 | 47.00 | NOTE |
Version: 0.6.10
Check: LazyData
Result: NOTE
'LazyData' is specified without a 'data' directory
Flavors: r-patched-linux-x86_64, r-release-linux-x86_64, r-release-macos-arm64, r-release-macos-x86_64, r-release-windows-x86_64, r-oldrel-macos-arm64, r-oldrel-macos-x86_64, r-oldrel-windows-x86_64