CRAN Package Check Results for Package complmrob

Last updated on 2025-04-15 09:52:18 CEST.

Flavor Version Tinstall Tcheck Ttotal Status Flags
r-devel-linux-x86_64-debian-clang 0.7.0 5.63 52.79 58.42 NOTE
r-devel-linux-x86_64-debian-gcc 0.7.0 3.89 36.43 40.32 NOTE
r-devel-linux-x86_64-fedora-clang 0.7.1 103.32 OK
r-devel-linux-x86_64-fedora-gcc 0.7.1 92.50 OK
r-devel-windows-x86_64 0.7.1 9.00 72.00 81.00 OK
r-patched-linux-x86_64 0.7.0 5.44 50.20 55.64 NOTE
r-release-linux-x86_64 0.7.0 5.76 49.63 55.39 NOTE
r-release-macos-arm64 0.7.1 45.00 OK
r-release-macos-x86_64 0.7.1 50.00 OK
r-release-windows-x86_64 0.7.0 6.00 66.00 72.00 NOTE
r-oldrel-macos-arm64 0.7.1 33.00 OK
r-oldrel-macos-x86_64 0.7.1 52.00 OK
r-oldrel-windows-x86_64 0.7.0 9.00 78.00 87.00 OK

Check Details

Version: 0.7.0
Check: Rd cross-references
Result: NOTE Found the following Rd file(s) with Rd \link{} targets missing package anchors: confint.Rd: boot.ci Please provide package anchors for all Rd \link{} targets not in the package itself and the base packages. Flavors: r-devel-linux-x86_64-debian-clang, r-devel-linux-x86_64-debian-gcc, r-patched-linux-x86_64, r-release-linux-x86_64, r-release-windows-x86_64