Last updated on 2025-10-27 08:49:49 CET.
| Flavor | Version | Tinstall | Tcheck | Ttotal | Status | Flags |
|---|---|---|---|---|---|---|
| r-devel-linux-x86_64-debian-clang | 0.1.1 | 12.33 | 74.28 | 86.61 | NOTE | |
| r-devel-linux-x86_64-debian-gcc | 0.1.1 | 9.61 | 53.07 | 62.68 | NOTE | |
| r-devel-linux-x86_64-fedora-clang | 0.1.1 | 29.00 | 106.21 | 135.21 | NOTE | |
| r-devel-linux-x86_64-fedora-gcc | 0.1.1 | 30.00 | 111.61 | 141.61 | NOTE | |
| r-devel-windows-x86_64 | 0.1.1 | 17.00 | 96.00 | 113.00 | NOTE | |
| r-patched-linux-x86_64 | 0.1.1 | 14.12 | 68.71 | 82.83 | NOTE | |
| r-release-linux-x86_64 | 0.1.1 | 12.96 | 67.75 | 80.71 | NOTE | |
| r-release-macos-arm64 | 0.1.1 | 7.00 | 43.00 | 50.00 | NOTE | |
| r-release-macos-x86_64 | 0.1.1 | 13.00 | 87.00 | 100.00 | NOTE | |
| r-release-windows-x86_64 | 0.1.1 | 21.00 | 99.00 | 120.00 | NOTE | |
| r-oldrel-macos-arm64 | 0.1.1 | 9.00 | 44.00 | 53.00 | NOTE | |
| r-oldrel-macos-x86_64 | 0.1.1 | 11.00 | 78.00 | 89.00 | NOTE | |
| r-oldrel-windows-x86_64 | 0.1.1 | 22.00 | 126.00 | 148.00 | NOTE |
Version: 0.1.1
Check: Rd files
Result: NOTE
checkRd: (-1) keener.Rd:82: Lost braces; missing escapes or markup?
82 | a_{ij} = (S_ij + 1) / (S_ij + S_ji + 2). This step should make comparing
| ^
Flavors: r-devel-linux-x86_64-debian-clang, r-devel-linux-x86_64-debian-gcc, r-devel-linux-x86_64-fedora-clang, r-devel-linux-x86_64-fedora-gcc, r-devel-windows-x86_64, r-patched-linux-x86_64, r-release-linux-x86_64, r-release-macos-arm64, r-release-macos-x86_64, r-release-windows-x86_64, r-oldrel-macos-arm64, r-oldrel-macos-x86_64, r-oldrel-windows-x86_64